{"id":976,"date":"2016-03-31T10:06:02","date_gmt":"2016-03-31T00:06:02","guid":{"rendered":"http:\/\/noumea.respax.com.au\/?page_id=976"},"modified":"2017-04-06T09:41:31","modified_gmt":"2017-04-05T23:41:31","slug":"thio","status":"publish","type":"page","link":"https:\/\/www.noumeadiscovery.com\/italian\/destinations\/thio\/","title":{"rendered":"Thio"},"content":{"rendered":"   <div id=\"banner_1917293152\" class=\"ux_banner dark    \"  style=\"height:150px; \" data-height=\"150px\" role=\"banner\">\n                                  <div class=\"banner-bg \"  style=\"background-image:url('https:\/\/#'); \"><img src=\"https:\/\/#\"  alt=\"\" style=\"visibility:hidden;\" \/><\/div>\n                             <div class=\"row\" >\n          <div class=\"inner center text-center \"  style=\"width:70%;\">\n            <div class=\"inner-wrap animated fadeIn\" style=\" \">\n              <h1>Thio<\/h1>\n            <\/div>\n          <\/div>  \n        <\/div>\n                     <\/div><!-- end .ux_banner -->\n\n<p>Thio \u00e8 il comune pi\u00f9 grande della Nuova Caledonia. Il fiume &lsquo;Thio&rsquo; attraversa il centro della citt\u00e0 e la separa in 2 parti: Thio Village e Thio Mission. La popolazione si compone da 13 trib\u00f9 che sono sparse lungo il fiume e la costa. Appartengono all&rsquo;area Xaracuu.<\/p>\n<p>Thio Village \u00e8 il cuore della citt\u00e0, dove si possono trovare negozi, scuole e edifici amministrativi. Dall\u2019&rsquo;altra parte, Thio Mission ospita la Missione Cattolica e il magazzino di nichel insieme con i vecchi e nuovi porti.<\/p>\n<h3>Luoghi da vedere :<\/h3>\n\t<div  class=\"row container \">\n<div class=\"small-12    large-3  columns   \"  ><div class=\"column-inner\"  >\n<div class=\"imagebox\">   <div id=\"banner_1026558347\" class=\"ux_banner dark    \"  style=\"height:180px; \" data-height=\"180px\" role=\"banner\">\n      <a href=\"#mining\" >                            <div class=\"banner-bg \"  style=\"background-image:url('https:\/\/noumeadiscovery.com\/wp-content\/uploads\/2016\/04\/mining museum.jpg'); \"><img src=\"https:\/\/noumeadiscovery.com\/wp-content\/uploads\/2016\/04\/mining museum.jpg\"  alt=\"\" style=\"visibility:hidden;\" \/><\/div>\n                             <div class=\"row\" >\n          <div class=\"inner center text-center \"  style=\"width:70%;\">\n            <div class=\"inner-wrap animated fadeIn\" style=\" \">\n                          <\/div>\n          <\/div>  \n        <\/div>\n       <\/a>              <\/div><!-- end .ux_banner -->\n\n<div class=\"imagelabel\">\n<h3><a href=\"#mining\">Museo Minerario<\/a><\/h3>\n<\/div>\n<\/div>\n<\/div><\/div>\n<div class=\"small-12    large-3  columns   \"  ><div class=\"column-inner\"  >\n<div class=\"imagebox\">   <div id=\"banner_1558920342\" class=\"ux_banner dark    \"  style=\"height:180px; \" data-height=\"180px\" role=\"banner\">\n      <a href=\"#moara\" >                            <div class=\"banner-bg \"  style=\"background-image:url('https:\/\/noumeadiscovery.com\/wp-content\/uploads\/2016\/04\/moara.jpg'); \"><img src=\"https:\/\/noumeadiscovery.com\/wp-content\/uploads\/2016\/04\/moara.jpg\"  alt=\"\" style=\"visibility:hidden;\" \/><\/div>\n                             <div class=\"row\" >\n          <div class=\"inner center text-center \"  style=\"width:70%;\">\n            <div class=\"inner-wrap animated fadeIn\" style=\" \">\n                          <\/div>\n          <\/div>  \n        <\/div>\n       <\/a>              <\/div><!-- end .ux_banner -->\n\n<div class=\"imagelabel\">\n<h3><a href=\"#moara\">Spiaggia di sabbia bianca di Moara<\/a><\/h3>\n<\/div>\n<\/div>\n<\/div><\/div>\n<div class=\"small-12    large-3  columns   \"  ><div class=\"column-inner\"  >\n<div class=\"imagebox\">   <div id=\"banner_1990581688\" class=\"ux_banner dark    \"  style=\"height:180px; \" data-height=\"180px\" role=\"banner\">\n      <a href=\"#Ourou\u00e9\" >                            <div class=\"banner-bg \"  style=\"background-image:url('https:\/\/noumeadiscovery.com\/wp-content\/uploads\/2016\/04\/ouroue beach.jpg'); \"><img src=\"https:\/\/noumeadiscovery.com\/wp-content\/uploads\/2016\/04\/ouroue beach.jpg\"  alt=\"\" style=\"visibility:hidden;\" \/><\/div>\n                             <div class=\"row\" >\n          <div class=\"inner center text-center \"  style=\"width:70%;\">\n            <div class=\"inner-wrap animated fadeIn\" style=\" \">\n                          <\/div>\n          <\/div>  \n        <\/div>\n       <\/a>              <\/div><!-- end .ux_banner -->\n\n<div class=\"imagelabel\">\n<h3><a href=\"#Ourou\u00e9\">Spiaggia di sabbia nera di Ourou\u00e9<\/a><\/h3>\n<\/div>\n<\/div>\n<\/div><\/div>\n<div class=\"small-12    large-3  columns   \"  ><div class=\"column-inner\"  >\n<div class=\"imagebox\">   <div id=\"banner_1023872869\" class=\"ux_banner dark    \"  style=\"height:180px; \" data-height=\"180px\" role=\"banner\">\n      <a href=\"#timetabled\" >                            <div class=\"banner-bg \"  style=\"background-image:url('https:\/\/noumeadiscovery.com\/wp-content\/uploads\/2016\/04\/timetabled road.jpg'); \"><img src=\"https:\/\/noumeadiscovery.com\/wp-content\/uploads\/2016\/04\/timetabled road.jpg\"  alt=\"\" style=\"visibility:hidden;\" \/><\/div>\n                             <div class=\"row\" >\n          <div class=\"inner center text-center \"  style=\"width:70%;\">\n            <div class=\"inner-wrap animated fadeIn\" style=\" \">\n                          <\/div>\n          <\/div>  \n        <\/div>\n       <\/a>              <\/div><!-- end .ux_banner -->\n\n<div class=\"imagelabel\">\n<h3><a href=\"#timetabled\">Strada ad orari cadenzati <\/a><\/h3>\n<\/div>\n<\/div>\n<\/div><\/div><\/div>\n  \t<div  class=\"row container \">\n<div class=\"small-12    large-3  columns   \"  ><div class=\"column-inner\"  >\n<div class=\"imagebox\">   <div id=\"banner_2066601506\" class=\"ux_banner dark    \"  style=\"height:180px; \" data-height=\"180px\" role=\"banner\">\n      <a href=\"#mission\" >                            <div class=\"banner-bg \"  style=\"background-image:url('https:\/\/noumeadiscovery.com\/wp-content\/uploads\/2016\/04\/mission church.jpg'); \"><img src=\"https:\/\/noumeadiscovery.com\/wp-content\/uploads\/2016\/04\/mission church.jpg\"  alt=\"\" style=\"visibility:hidden;\" \/><\/div>\n                             <div class=\"row\" >\n          <div class=\"inner center text-center \"  style=\"width:70%;\">\n            <div class=\"inner-wrap animated fadeIn\" style=\" \">\n                          <\/div>\n          <\/div>  \n        <\/div>\n       <\/a>              <\/div><!-- end .ux_banner -->\n\n<div class=\"imagelabel\">\n<h3><a href=\"#mission\">La chiesa di Mission<\/a><\/h3>\n<\/div>\n<\/div>\n<\/div><\/div>\n<div class=\"small-12    large-3  columns   \"  ><div class=\"column-inner\"  >\n<div class=\"imagebox\">   <div id=\"banner_948313601\" class=\"ux_banner dark    \"  style=\"height:180px; \" data-height=\"180px\" role=\"banner\">\n      <a href=\"#market\" >                            <div class=\"banner-bg \"  style=\"background-image:url('https:\/\/noumeadiscovery.com\/wp-content\/uploads\/2016\/04\/thio market.jpg'); \"><img src=\"https:\/\/noumeadiscovery.com\/wp-content\/uploads\/2016\/04\/thio market.jpg\"  alt=\"\" style=\"visibility:hidden;\" \/><\/div>\n                             <div class=\"row\" >\n          <div class=\"inner center text-center \"  style=\"width:70%;\">\n            <div class=\"inner-wrap animated fadeIn\" style=\" \">\n                          <\/div>\n          <\/div>  \n        <\/div>\n       <\/a>              <\/div><!-- end .ux_banner -->\n\n<div class=\"imagelabel\">\n<h3><a href=\"#market\">Mercato di Thio<\/a><\/h3>\n<\/div>\n<\/div>\n<\/div><\/div>\n<div class=\"small-12    large-3  columns   \"  ><div class=\"column-inner\"  >\n<div class=\"imagebox\">   <div id=\"banner_756682689\" class=\"ux_banner dark    \"  style=\"height:180px; \" data-height=\"180px\" role=\"banner\">\n      <a href=\"#petro\" >                            <div class=\"banner-bg \"  style=\"background-image:url('https:\/\/noumeadiscovery.com\/wp-content\/uploads\/2016\/04\/petroghyphs.jpg'); \"><img src=\"https:\/\/noumeadiscovery.com\/wp-content\/uploads\/2016\/04\/petroghyphs.jpg\"  alt=\"\" style=\"visibility:hidden;\" \/><\/div>\n                             <div class=\"row\" >\n          <div class=\"inner center text-center \"  style=\"width:70%;\">\n            <div class=\"inner-wrap animated fadeIn\" style=\" \">\n                          <\/div>\n          <\/div>  \n        <\/div>\n       <\/a>              <\/div><!-- end .ux_banner -->\n\n<div class=\"imagelabel\">\n<h3><a href=\"#petro\">Petroglifi<\/a><\/h3>\n<\/div>\n<\/div>\n<\/div><\/div><div class=\"small-12    large-3  columns   \"  ><div class=\"column-inner\"  >\n<div class=\"imagebox\">   <div id=\"banner_1965573298\" class=\"ux_banner dark    \"  style=\"height:180px; \" data-height=\"180px\" role=\"banner\">\n      <a href=\"#cemetery\" >                            <div class=\"banner-bg \"  style=\"background-image:url('https:\/\/noumeadiscovery.com\/wp-content\/uploads\/2016\/04\/japanese cimetery.jpg'); \"><img src=\"https:\/\/noumeadiscovery.com\/wp-content\/uploads\/2016\/04\/japanese cimetery.jpg\"  alt=\"\" style=\"visibility:hidden;\" \/><\/div>\n                             <div class=\"row\" >\n          <div class=\"inner center text-center \"  style=\"width:70%;\">\n            <div class=\"inner-wrap animated fadeIn\" style=\" \">\n                          <\/div>\n          <\/div>  \n        <\/div>\n       <\/a>              <\/div><!-- end .ux_banner -->\n\n<div class=\"imagelabel\">\n<h3><a href=\"#cemetery\">Cimitero giapponese<\/a><\/h3>\n<\/div>\n<\/div>\n<\/div><\/div><\/div>\n  \t<div  class=\"row container \">\n<div class=\"small-12    large-3  columns   \"  ><div class=\"column-inner\"  >\n<div class=\"imagebox\">   <div id=\"banner_947841773\" class=\"ux_banner dark    \"  style=\"height:180px; \" data-height=\"180px\" role=\"banner\">\n      <a href=\"#shipwreck\" >                            <div class=\"banner-bg \"  style=\"background-image:url('https:\/\/noumeadiscovery.com\/wp-content\/uploads\/2016\/04\/joliette.jpg'); \"><img src=\"https:\/\/noumeadiscovery.com\/wp-content\/uploads\/2016\/04\/joliette.jpg\"  alt=\"\" style=\"visibility:hidden;\" \/><\/div>\n                             <div class=\"row\" >\n          <div class=\"inner center text-center \"  style=\"width:70%;\">\n            <div class=\"inner-wrap animated fadeIn\" style=\" \">\n                          <\/div>\n          <\/div>  \n        <\/div>\n       <\/a>              <\/div><!-- end .ux_banner -->\n<\/div>\n<div class=\"imagebox\">\n<div class=\"imagelabel\">\n<h3><a href=\"#shipwreck\">Il naufragio di Joliette<\/a><\/h3>\n<\/div>\n<\/div>\n<\/div><\/div>\n<div class=\"small-12    large-3  columns   \"  ><div class=\"column-inner\"  >\n<div class=\"imagebox\">   <div id=\"banner_1835299759\" class=\"ux_banner dark    \"  style=\"height:180px; \" data-height=\"180px\" role=\"banner\">\n      <a href=\"#port\" >                            <div class=\"banner-bg \"  style=\"background-image:url('https:\/\/noumeadiscovery.com\/wp-content\/uploads\/2016\/04\/port bouquet.jpg'); \"><img src=\"https:\/\/noumeadiscovery.com\/wp-content\/uploads\/2016\/04\/port bouquet.jpg\"  alt=\"\" style=\"visibility:hidden;\" \/><\/div>\n                             <div class=\"row\" >\n          <div class=\"inner center text-center \"  style=\"width:70%;\">\n            <div class=\"inner-wrap animated fadeIn\" style=\" \">\n                          <\/div>\n          <\/div>  \n        <\/div>\n       <\/a>              <\/div><!-- end .ux_banner -->\n\n<div class=\"imagelabel\">\n<h3><a href=\"#port\">Baia di Port Bouquet <\/a><\/h3>\n<\/div>\n<\/div>\n<\/div><\/div><div class=\"small-12    large-3  columns   \"  ><div class=\"column-inner\"  >\n<\/div><\/div>\n<div class=\"small-12    large-3  columns   \"  ><div class=\"column-inner\"  >\n<\/div><\/div><\/div>\n  \n \n\n<div id=\"mining\" class=\"mfp-hide mfp-content-inner lightbox-white\" style=\"max-width:600px;padding:20px\">\n    <h3><strong>Museo Minerario<\/strong><\/h3>\n<p>(aperto dal Lunedi al Venerd\u00ec 08h00\/16h30, sabato 08h30\/14h00). Biglietto d&rsquo;ingresso a pagamento.<\/p>\n<p>Il museo \u00e8 ospitato nel vecchio edificio della miniera che risale al 1980. \u00c8 possibile vedere all&rsquo;ingresso un vecchio motore a vapore. Il museo spiega la storia di Thio e ha un interessante \u00a0collezione di vecchi e moderni strumenti legati alle miniere. Il museo \u00e8 stato completamente ristrutturato nel 2015. \u00a0L\u2019ufficio del Turismo di Thio organizza una visita alla miniera una volta al mese. Uno storico locale, Maurice Fels, che lavora anche presso la miniera vi illustrer\u00e0 gi aspetti storici. La visita si completa con un pasto tradizionale in una trib\u00f9 locale.<\/p>\n<\/div><!-- Lightbox-mining -->\n\n<script>\njQuery(document).ready(function($) {\n\n      \n      $('a[href=\"#mining\"]').click(function(e){\n         \/\/ Close openend lightboxes\n         var delay = 0;\n         \n         if($.magnificPopup.open){\n            $.magnificPopup.close();\n            delay = 300;\n         }\n\n         \/\/ Start lightbox\n         setTimeout(function(){\n            $.magnificPopup.open({\n                  midClick: true,\n                  removalDelay: 300,\n                  items: {\n                    src: '#mining', \n                    type: 'inline'\n                  }\n            });\n          }, delay);\n\n        e.preventDefault();\n      });\n});\n<\/script>\n\n \n\n<div id=\"moara\" class=\"mfp-hide mfp-content-inner lightbox-white\" style=\"max-width:600px;padding:20px\">\n    <h3><strong>Spiaggia di sabbia bianca di Moara<\/strong><\/h3>\n<p>Questa bella spiaggia di sabbia bianca si trova dopo il molo SLN. Aree pic-nic sono disponibili. Nuoto e relax sono garantiti!<\/p>\n<\/div><!-- Lightbox-moara -->\n\n<script>\njQuery(document).ready(function($) {\n\n      \n      $('a[href=\"#moara\"]').click(function(e){\n         \/\/ Close openend lightboxes\n         var delay = 0;\n         \n         if($.magnificPopup.open){\n            $.magnificPopup.close();\n            delay = 300;\n         }\n\n         \/\/ Start lightbox\n         setTimeout(function(){\n            $.magnificPopup.open({\n                  midClick: true,\n                  removalDelay: 300,\n                  items: {\n                    src: '#moara', \n                    type: 'inline'\n                  }\n            });\n          }, delay);\n\n        e.preventDefault();\n      });\n});\n<\/script>\n\n \n\n<div id=\"Ourou\u00e9\" class=\"mfp-hide mfp-content-inner lightbox-white\" style=\"max-width:600px;padding:20px\">\n    <h3><strong>Spiaggia di sabbia nera di Ourou\u00e9<\/strong><\/h3>\n<p>Questa spiaggia con la sua sabbia nera \u00e8 a nord del villaggio e ha paesaggi fantastici.<\/p>\n<\/div><!-- Lightbox-Ourou\u00e9 -->\n\n<script>\njQuery(document).ready(function($) {\n\n      \n      $('a[href=\"#Ourou\u00e9\"]').click(function(e){\n         \/\/ Close openend lightboxes\n         var delay = 0;\n         \n         if($.magnificPopup.open){\n            $.magnificPopup.close();\n            delay = 300;\n         }\n\n         \/\/ Start lightbox\n         setTimeout(function(){\n            $.magnificPopup.open({\n                  midClick: true,\n                  removalDelay: 300,\n                  items: {\n                    src: '#Ourou\u00e9', \n                    type: 'inline'\n                  }\n            });\n          }, delay);\n\n        e.preventDefault();\n      });\n});\n<\/script>\n\n \n\n<div id=\"timetabled\" class=\"mfp-hide mfp-content-inner lightbox-white\" style=\"max-width:600px;padding:20px\">\n    <h3><strong>Strada ad orari cadenzati<\/strong><\/h3>\n<p>La strada ad orari cadenzati \u00e8 lunga 13 km e si chiama cos\u00ec perch\u00e9 \u00e8 molto stretta. Se si va da Nak\u00e9ty a Thio si pu\u00f2 guidare solo durante le ore pari, e se si va in direzione opposta si deve prendere questa strada durante le ore dispari. Comunque siate prudenti e prestate sempre attenzione se la percorrete.<\/p>\n<\/div><!-- Lightbox-timetabled -->\n\n<script>\njQuery(document).ready(function($) {\n\n      \n      $('a[href=\"#timetabled\"]').click(function(e){\n         \/\/ Close openend lightboxes\n         var delay = 0;\n         \n         if($.magnificPopup.open){\n            $.magnificPopup.close();\n            delay = 300;\n         }\n\n         \/\/ Start lightbox\n         setTimeout(function(){\n            $.magnificPopup.open({\n                  midClick: true,\n                  removalDelay: 300,\n                  items: {\n                    src: '#timetabled', \n                    type: 'inline'\n                  }\n            });\n          }, delay);\n\n        e.preventDefault();\n      });\n});\n<\/script>\n\n \n\n<div id=\"mission\" class=\"mfp-hide mfp-content-inner lightbox-white\" style=\"max-width:600px;padding:20px\">\n    <h3><strong>La Chiesa di Mission <\/strong><\/h3>\n<p>Questa chiesa fu costruita nel 1880 da Padre Simonin, ed \u00e8 una delle chiese pi\u00f9 antiche di tutta la Nuova Caledonia.<\/p>\n<\/div><!-- Lightbox-mission -->\n\n<script>\njQuery(document).ready(function($) {\n\n      \n      $('a[href=\"#mission\"]').click(function(e){\n         \/\/ Close openend lightboxes\n         var delay = 0;\n         \n         if($.magnificPopup.open){\n            $.magnificPopup.close();\n            delay = 300;\n         }\n\n         \/\/ Start lightbox\n         setTimeout(function(){\n            $.magnificPopup.open({\n                  midClick: true,\n                  removalDelay: 300,\n                  items: {\n                    src: '#mission', \n                    type: 'inline'\n                  }\n            });\n          }, delay);\n\n        e.preventDefault();\n      });\n});\n<\/script>\n\n \n\n<div id=\"market\" class=\"mfp-hide mfp-content-inner lightbox-white\" style=\"max-width:600px;padding:20px\">\n    <h3><strong>Mercato di Thio<\/strong><\/h3>\n<p>Il mercato, che \u00e8 aperto tutti i giorni tranne la Domenica, \u00e8 il luogo ideale per acquistare frutta fresca e verdura locale<\/p>\n<\/div><!-- Lightbox-market -->\n\n<script>\njQuery(document).ready(function($) {\n\n      \n      $('a[href=\"#market\"]').click(function(e){\n         \/\/ Close openend lightboxes\n         var delay = 0;\n         \n         if($.magnificPopup.open){\n            $.magnificPopup.close();\n            delay = 300;\n         }\n\n         \/\/ Start lightbox\n         setTimeout(function(){\n            $.magnificPopup.open({\n                  midClick: true,\n                  removalDelay: 300,\n                  items: {\n                    src: '#market', \n                    type: 'inline'\n                  }\n            });\n          }, delay);\n\n        e.preventDefault();\n      });\n});\n<\/script>\n\n \n\n<div id=\"petro\" class=\"mfp-hide mfp-content-inner lightbox-white\" style=\"max-width:600px;padding:20px\">\n    <h3>Petroglifi<\/h3>\n<p>Petroglifi sono pietre antiche con disegni incisi che hanno un significato culturale e religioso. Risalgono al periodo Lapita\u00a0 intorno al 1000 a.c. \u00a0Si pu\u00f2 vedere petroglifi nelle trib\u00f9 di Koua e Ouindo, sulla spiaggia Tamanou e a Ourou\u00e9. Tenete gli occhi aperti lungo il percorso e potrete individuare le rocce con queste antiche incisioni!<\/p>\n<\/div><!-- Lightbox-petro -->\n\n<script>\njQuery(document).ready(function($) {\n\n      \n      $('a[href=\"#petro\"]').click(function(e){\n         \/\/ Close openend lightboxes\n         var delay = 0;\n         \n         if($.magnificPopup.open){\n            $.magnificPopup.close();\n            delay = 300;\n         }\n\n         \/\/ Start lightbox\n         setTimeout(function(){\n            $.magnificPopup.open({\n                  midClick: true,\n                  removalDelay: 300,\n                  items: {\n                    src: '#petro', \n                    type: 'inline'\n                  }\n            });\n          }, delay);\n\n        e.preventDefault();\n      });\n});\n<\/script>\n\n \n\n<div id=\"cemetery\" class=\"mfp-hide mfp-content-inner lightbox-white\" style=\"max-width:600px;padding:20px\">\n    <h3><strong>Cimitero giapponese<\/strong><\/h3>\n<p>Quando il nichel \u00e8 stato scoperto nel 1864 e le miniere della Nuova Caledonia sono state create, molti lavoratori giapponesi sono stati assunti. La prima nave &#8211; Hiroshima Maru &#8211; \u00e8 arrivata a Thio il 25 gennaio 1892 con 599 lavoratori giapponesi a bordo. Quasi 6000 lavoratori giapponesi sono arrivati complessivamente in Nuova Caledonia offrendo i loro servizi, l&rsquo;ultimo arrivo fu nel 1919. Molti di loro sono rimasti, mentre altri hanno lasciato la Nuova Caledonia una volta che il contratto era terminato.<\/p>\n<p>Nel 1941, dopo l&rsquo;attacco a Pearl Harbour, i giapponesi erano sospettati di essere spie e sono stati messi in prigione, poi inviati in Australia prima di essere rimandati in Giappone. Il cimitero giapponese \u00e8 composto da 150 tombe. Li sono sepolti i giapponesi che hanno lavorato nella miniera tra il 1892 e il 1941. Le pietre tombali provengono dalle miniere in cui hanno lavorato. Un monumento \u00e8 stato istituito nel 2012 per celebrare il 120 \u00b0 anniversario del loro arrivo in Nuova Caledonia.<\/p>\n<\/div><!-- Lightbox-cemetery -->\n\n<script>\njQuery(document).ready(function($) {\n\n      \n      $('a[href=\"#cemetery\"]').click(function(e){\n         \/\/ Close openend lightboxes\n         var delay = 0;\n         \n         if($.magnificPopup.open){\n            $.magnificPopup.close();\n            delay = 300;\n         }\n\n         \/\/ Start lightbox\n         setTimeout(function(){\n            $.magnificPopup.open({\n                  midClick: true,\n                  removalDelay: 300,\n                  items: {\n                    src: '#cemetery', \n                    type: 'inline'\n                  }\n            });\n          }, delay);\n\n        e.preventDefault();\n      });\n});\n<\/script>\n\n \n\n<div id=\"shipwreck\" class=\"mfp-hide mfp-content-inner lightbox-white\" style=\"max-width:600px;padding:20px\">\n    <h3><strong>Il naufragio di Joliette<\/strong><\/h3>\n<p>La Joliette \u00e8 un veliero a 3 alberi utilizzato in passato per il trasporto di nichel da Thio a Noum\u00e9a. E\u2019 affondato nel 1909 durante un ciclone. Il relitto si trova a 12 metri di profondit\u00e0, a circa 50 metri dal molo. Oggi \u00e8 un affascinante sito d\u2019 immersioni per tutti i tipi di subacquei.<\/p>\n<\/div><!-- Lightbox-shipwreck -->\n\n<script>\njQuery(document).ready(function($) {\n\n      \n      $('a[href=\"#shipwreck\"]').click(function(e){\n         \/\/ Close openend lightboxes\n         var delay = 0;\n         \n         if($.magnificPopup.open){\n            $.magnificPopup.close();\n            delay = 300;\n         }\n\n         \/\/ Start lightbox\n         setTimeout(function(){\n            $.magnificPopup.open({\n                  midClick: true,\n                  removalDelay: 300,\n                  items: {\n                    src: '#shipwreck', \n                    type: 'inline'\n                  }\n            });\n          }, delay);\n\n        e.preventDefault();\n      });\n});\n<\/script>\n\n \n\n<div id=\"port\" class=\"mfp-hide mfp-content-inner lightbox-white\" style=\"max-width:600px;padding:20px\">\n    <h3><strong>Baia di Port Bouquet<\/strong><\/h3>\n<p>La Baia di Port Bouquet, che \u00e8 protetta dalle isole N\u00e9mou e Toup\u00e9ti, \u00e8 un luogo d\u2019ormeggio ideale per imbarcazioni in quanto \u00e8 protetta dal vento.<\/p>\n<\/div><!-- Lightbox-port -->\n\n<script>\njQuery(document).ready(function($) {\n\n      \n      $('a[href=\"#port\"]').click(function(e){\n         \/\/ Close openend lightboxes\n         var delay = 0;\n         \n         if($.magnificPopup.open){\n            $.magnificPopup.close();\n            delay = 300;\n         }\n\n         \/\/ Start lightbox\n         setTimeout(function(){\n            $.magnificPopup.open({\n                  midClick: true,\n                  removalDelay: 300,\n                  items: {\n                    src: '#port', \n                    type: 'inline'\n                  }\n            });\n          }, delay);\n\n        e.preventDefault();\n      });\n});\n<\/script>\n\n<\/div>\n","protected":false},"excerpt":{"rendered":"<p>Thio \u00e8 il comune pi\u00f9 grande della Nuova Caledonia. Il fiume &lsquo;Thio&rsquo; attraversa il centro della citt\u00e0 e la separa in 2 parti: Thio Village e Thio Mission. La popolazione si compone da 13 trib\u00f9 che sono sparse lungo il fiume e la costa. Appartengono all&rsquo;area Xaracuu. Thio Village \u00e8 il cuore della citt\u00e0, dove [&hellip;]\n","protected":false},"author":6,"featured_media":0,"parent":874,"menu_order":0,"comment_status":"closed","ping_status":"closed","template":"page-blank-container.php","meta":[],"_links":{"self":[{"href":"https:\/\/www.noumeadiscovery.com\/italian\/wp-json\/wp\/v2\/pages\/976"}],"collection":[{"href":"https:\/\/www.noumeadiscovery.com\/italian\/wp-json\/wp\/v2\/pages"}],"about":[{"href":"https:\/\/www.noumeadiscovery.com\/italian\/wp-json\/wp\/v2\/types\/page"}],"author":[{"embeddable":true,"href":"https:\/\/www.noumeadiscovery.com\/italian\/wp-json\/wp\/v2\/users\/6"}],"replies":[{"embeddable":true,"href":"https:\/\/www.noumeadiscovery.com\/italian\/wp-json\/wp\/v2\/comments?post=976"}],"version-history":[{"count":27,"href":"https:\/\/www.noumeadiscovery.com\/italian\/wp-json\/wp\/v2\/pages\/976\/revisions"}],"predecessor-version":[{"id":2272,"href":"https:\/\/www.noumeadiscovery.com\/italian\/wp-json\/wp\/v2\/pages\/976\/revisions\/2272"}],"up":[{"embeddable":true,"href":"https:\/\/www.noumeadiscovery.com\/italian\/wp-json\/wp\/v2\/pages\/874"}],"wp:attachment":[{"href":"https:\/\/www.noumeadiscovery.com\/italian\/wp-json\/wp\/v2\/media?parent=976"}],"curies":[{"name":"wp","href":"https:\/\/api.w.org\/{rel}","templated":true}]}}