{"id":65,"date":"2015-03-09T12:42:01","date_gmt":"2015-03-09T02:42:01","guid":{"rendered":"http:\/\/noumea.respax.com.au\/?page_id=65"},"modified":"2016-06-28T13:19:34","modified_gmt":"2016-06-28T03:19:34","slug":"noumea-transport","status":"publish","type":"page","link":"https:\/\/www.noumeadiscovery.com\/italian\/noumea-transport\/","title":{"rendered":"Trasporti"},"content":{"rendered":"   <div id=\"banner_1951974977\" class=\"ux_banner dark    \"  style=\"height:150px; \" data-height=\"150px\" role=\"banner\">\n                                  <div class=\"banner-bg \"  style=\"background-image:url('https:\/\/noumeadiscovery.com\/wp-content\/uploads\/2016\/01\/P1040907.jpg'); \"><img src=\"https:\/\/noumeadiscovery.com\/wp-content\/uploads\/2016\/01\/P1040907.jpg\"  alt=\"\" style=\"visibility:hidden;\" \/><\/div>\n                             <div class=\"row\" >\n          <div class=\"inner center text-center \"  style=\"width:70%;\">\n            <div class=\"inner-wrap animated fadeIn\" style=\" \">\n              <h1>Trasporti<\/h1>\n            <\/div>\n          <\/div>  \n        <\/div>\n                     <\/div><!-- end .ux_banner -->\n\n<p>Siamo una nuova azienda Caledoniana di trasporti, fondata nel 1984, dedicata non solo al \u00a0trasporto delle persone, \u00a0ma facciamo viaggiare felicemente anche i nostri clienti. Offriamo una variet\u00e0 di servizi, che vanno dai trasferimenti aeroportuali, ai tour personalizzati intorno alla bellissima Nuova Caledonia a qualsiasi luogo di vostra scelta.<br \/>\nAlla Noumea Discovery Travel vogliamo sottolineare la convenienza, efficienza e prezzi accessibili.<br \/>\nIl nostro Staff \u00e8 composto d\u2019autisti bilingue cordiali ed efficienti e di grande supporto e la gestione ha come obiettivo comune di trasferirvi puntualmente da e verso la vostra destinazione in tutta comodit\u00e0 e sicurezza. Possiamo organizzare drop-off e pick-up, ovunque sia necessario\u00a0 da e per la vostra casa, ufficio, hotel, aeroporto &#8230; o qualsiasi altro luogo.<br \/>\nOffriamo una scelta di veicoli spaziosi per soddisfare tutte le vostre esigenze nel caso abbiate bisogno di trasportare una persona, una famiglia, un gruppo aziendale o scolastico.<br \/>\nLa nostra flotta di veicoli \u00e8 composta da moderne e confortevoli, automobili VIP con aria condizionata, mini autobus e pullman con ampio spazio per le gambe e per i bagagli. Con il nostro eccellente servizio clienti, il nostro personale dedicato e affidabile sar\u00e0 in grado di garantirvi \u00a0un\u2019esperienza con noi in totale piacere e sicurezza.<\/p>\n<p>&nbsp;<\/p>\n<div class=\"woocommerce columns-1 \"><div class=\"row\">\n\t<div class=\"large-12 columns\">\n\t<ul class=\"products small-block-grid-1 large-block-grid-1\">\n\n<li class=\"product-small  grid2 grid-boxed\">\n<a href=\"https:\/\/www.noumeadiscovery.com\/italian\/produit\/flights\/\" class=\"woocommerce-LoopProduct-link woocommerce-loop-product__link\"><div class=\"inner-wrap\">\n<a href=\"https:\/\/www.noumeadiscovery.com\/italian\/produit\/flights\/\">\n      <div class=\"product-image hover_fade_in_back\">\n      \t         <div class=\"front-image\"><img width=\"200\" height=\"165\" src=\"https:\/\/www.noumeadiscovery.com\/italian\/wp-content\/uploads\/2016\/04\/noumea-flights-200x165.jpg\" class=\"attachment-shop_catalog size-shop_catalog wp-post-image\" alt=\"\" decoding=\"async\" loading=\"lazy\" \/><\/div>\n\t\t\t\t<div class=\"back-image back\"><img width=\"200\" height=\"165\" src=\"https:\/\/www.noumeadiscovery.com\/italian\/wp-content\/uploads\/2016\/04\/flights-noumea-200x165.jpg\" class=\"attachment-shop_catalog size-shop_catalog\" alt=\"\" decoding=\"async\" loading=\"lazy\" \/><\/div>\t\t\t\t\n\t\t \n\t   \t\t\t\n\t\t      <\/div><!-- end product-image -->\n<\/a>      \t\n\n    <div class=\"info style-grid2\">\n\n\t \n          \n\n          <a href=\"https:\/\/www.noumeadiscovery.com\/italian\/produit\/flights\/\"><p class=\"name\">Air Caledonie<\/p><\/a>\n          \n<div itemprop=\"description\" class=\"short-description\">\n\t<p>La compagnia aerea domestica, Air Cal\u00e9donie vola nelle isole e propone diversi voli ogni giorno.<br \/>\nLa flotta di Air Cal\u00e9donie \u00e8 composta da 3 aerei ATR 72-500\u00a0 con 68 posti e 1 aereo \u00a0ATR 42-500 con 48 posti.<\/p>\n<\/div>     \n\n     \t\t\n\t\n\t\t<\/div><!-- end info -->\t\n\n<\/div> <!-- .inner-wrap -->\n<\/a>\n<\/li><!-- li.product-small -->\n<li class=\"product-small  grid2 grid-boxed\">\n<a href=\"https:\/\/www.noumeadiscovery.com\/italian\/produit\/air-loyaute\/\" class=\"woocommerce-LoopProduct-link woocommerce-loop-product__link\"><div class=\"inner-wrap\">\n<a href=\"https:\/\/www.noumeadiscovery.com\/italian\/produit\/air-loyaute\/\">\n      <div class=\"product-image hover_fade_in_back\">\n      \t         <div class=\"front-image\"><img width=\"200\" height=\"165\" src=\"https:\/\/www.noumeadiscovery.com\/italian\/wp-content\/uploads\/2016\/09\/Twin-Magenta-5-200x165.jpg\" class=\"attachment-shop_catalog size-shop_catalog wp-post-image\" alt=\"\" decoding=\"async\" loading=\"lazy\" \/><\/div>\n\t\t\t\t<div class=\"back-image back\"><img width=\"200\" height=\"165\" src=\"https:\/\/www.noumeadiscovery.com\/italian\/wp-content\/uploads\/2016\/09\/Inte\u0301rieur-Twin-Otter-2-200x165.jpg\" class=\"attachment-shop_catalog size-shop_catalog\" alt=\"\" decoding=\"async\" loading=\"lazy\" \/><\/div>\t\t\t\t\n\t\t \n\t   \t\t\t\n\t\t      <\/div><!-- end product-image -->\n<\/a>      \t\n\n    <div class=\"info style-grid2\">\n\n\t \n          \n\n          <a href=\"https:\/\/www.noumeadiscovery.com\/italian\/produit\/air-loyaute\/\"><p class=\"name\">Air Loyaut\u00e9<\/p><\/a>\n          \n<div itemprop=\"description\" class=\"short-description\">\n\t<p>La compagnia aerea nazionale Air Loyaut\u00e9 permette di viaggiare tra le isole della Lealt\u00e0&nbsp;: Lifou, Ouv\u00e9a <\/p>\n<\/div>     \n\n     \t\t\n\t\n\t\t<\/div><!-- end info -->\t\n\n<\/div> <!-- .inner-wrap -->\n<\/a>\n<\/li><!-- li.product-small -->\n<li class=\"product-small  grid2 grid-boxed\">\n<a href=\"https:\/\/www.noumeadiscovery.com\/italian\/produit\/air-loyaute-2\/\" class=\"woocommerce-LoopProduct-link woocommerce-loop-product__link\"><div class=\"inner-wrap\">\n<a href=\"https:\/\/www.noumeadiscovery.com\/italian\/produit\/air-loyaute-2\/\">\n      <div class=\"product-image hover_fade_in_back\">\n      \t         <div class=\"front-image\"><img width=\"200\" height=\"165\" src=\"https:\/\/www.noumeadiscovery.com\/italian\/wp-content\/uploads\/2016\/09\/Twin-Magenta-5-200x165.jpg\" class=\"attachment-shop_catalog size-shop_catalog wp-post-image\" alt=\"\" decoding=\"async\" loading=\"lazy\" \/><\/div>\n\t\t\t\t<div class=\"back-image back\"><img width=\"200\" height=\"165\" src=\"https:\/\/www.noumeadiscovery.com\/italian\/wp-content\/uploads\/2016\/04\/flights-noumea-200x165.jpg\" class=\"attachment-shop_catalog size-shop_catalog\" alt=\"\" decoding=\"async\" loading=\"lazy\" \/><\/div>\t\t\t\t\n\t\t \n\t   \t\t\t\n\t\t      <\/div><!-- end product-image -->\n<\/a>      \t\n\n    <div class=\"info style-grid2\">\n\n\t \n          \n\n          <a href=\"https:\/\/www.noumeadiscovery.com\/italian\/produit\/air-loyaute-2\/\"><p class=\"name\">Air Loyaute<\/p><\/a>\n          \n<div itemprop=\"description\" class=\"short-description\">\n\t<p>La compagnia aerea nazionale <strong>Air Loyaut\u00e9<\/strong> permette di viaggiare tra le isole della Lealt\u00e0\u00a0: Lifou, Ouv\u00e9a e Mare.<\/p>\n<\/div>     \n\n     \t\t\n\t\n\t\t<\/div><!-- end info -->\t\n\n<\/div> <!-- .inner-wrap -->\n<\/a>\n<\/li><!-- li.product-small -->\n<li class=\"product-small  grid2 grid-boxed\">\n<a href=\"https:\/\/www.noumeadiscovery.com\/italian\/produit\/car-rental\/\" class=\"woocommerce-LoopProduct-link woocommerce-loop-product__link\"><div class=\"inner-wrap\">\n<a href=\"https:\/\/www.noumeadiscovery.com\/italian\/produit\/car-rental\/\">\n      <div class=\"product-image hover_fade_in_back\">\n      \t         <div class=\"front-image\"><img width=\"200\" height=\"165\" src=\"https:\/\/www.noumeadiscovery.com\/italian\/wp-content\/uploads\/2016\/04\/Cat B Peugeot 206-200x165.jpg\" class=\"attachment-shop_catalog size-shop_catalog wp-post-image\" alt=\"\" decoding=\"async\" loading=\"lazy\" \/><\/div>\n\t\t\t\t<div class=\"back-image back\"><img width=\"200\" height=\"165\" src=\"https:\/\/www.noumeadiscovery.com\/italian\/wp-content\/uploads\/2016\/04\/Cat C Peugeot 308 - 301-200x165.jpg\" class=\"attachment-shop_catalog size-shop_catalog\" alt=\"\" decoding=\"async\" loading=\"lazy\" \/><\/div>\t\t\t\t\n\t\t \n\t   \t\t\t\n\t\t      <\/div><!-- end product-image -->\n<\/a>      \t\n\n    <div class=\"info style-grid2\">\n\n\t \n          \n\n          <a href=\"https:\/\/www.noumeadiscovery.com\/italian\/produit\/car-rental\/\"><p class=\"name\">Autonoleggio<\/p><\/a>\n          \n<div itemprop=\"description\" class=\"short-description\">\n\t<p>Proponiamo tutti i tipi di veicoli per visitare Noumea e \/ o la Grande Terre: Citro\u00ebn C1, Clio II, Peugeot 308, Dacia Lodgy, Kia Sportage &#8230;<\/p>\n<\/div>     \n\n     \t\t\n\t\n\t\t<\/div><!-- end info -->\t\n\n<\/div> <!-- .inner-wrap -->\n<\/a>\n<\/li><!-- li.product-small -->\n<li class=\"product-small  grid2 grid-boxed\">\n<a href=\"https:\/\/www.noumeadiscovery.com\/italian\/produit\/vessels\/\" class=\"woocommerce-LoopProduct-link woocommerce-loop-product__link\"><div class=\"inner-wrap\">\n<a href=\"https:\/\/www.noumeadiscovery.com\/italian\/produit\/vessels\/\">\n      <div class=\"product-image hover_fade_in_back\">\n      \t         <div class=\"front-image\"><img width=\"200\" height=\"165\" src=\"https:\/\/www.noumeadiscovery.com\/italian\/wp-content\/uploads\/2016\/01\/AIR_5382_-200x165.jpg\" class=\"attachment-shop_catalog size-shop_catalog wp-post-image\" alt=\"Noumea Reef Cruise\" decoding=\"async\" loading=\"lazy\" \/><\/div>\n\t\t\t\t<div class=\"back-image back\"><img width=\"200\" height=\"165\" src=\"https:\/\/www.noumeadiscovery.com\/italian\/wp-content\/uploads\/2016\/01\/dolphin-vessel-200x165.jpg\" class=\"attachment-shop_catalog size-shop_catalog\" alt=\"Transport New Caledonia\" decoding=\"async\" loading=\"lazy\" \/><\/div>\t\t\t\t\n\t\t \n\t   \t\t\t\n\t\t      <\/div><!-- end product-image -->\n<\/a>      \t\n\n    <div class=\"info style-grid2\">\n\n\t \n          \n\n          <a href=\"https:\/\/www.noumeadiscovery.com\/italian\/produit\/vessels\/\"><p class=\"name\">Barche<\/p><\/a>\n          \n<div itemprop=\"description\" class=\"short-description\">\n\t<p>Abbiamo una moderna flotta di 4 confortevoli e veloci barche passeggeri che offrono escursioni regolari per l\u2019isola Amedee pi\u00f9 volte la settimana. Tutte le nostre barche sono disponibili anche per il noleggio privato come barche passeggeri o per una crociera con cena<\/p>\n<\/div>     \n\n     \t\t\n\t\n\t\t<\/div><!-- end info -->\t\n\n<\/div> <!-- .inner-wrap -->\n<\/a>\n<\/li><!-- li.product-small -->\n<li class=\"product-small  grid2 grid-boxed\">\n<a href=\"https:\/\/www.noumeadiscovery.com\/italian\/produit\/airport-transfer\/\" class=\"woocommerce-LoopProduct-link woocommerce-loop-product__link\"><div class=\"inner-wrap\">\n<a href=\"https:\/\/www.noumeadiscovery.com\/italian\/produit\/airport-transfer\/\">\n      <div class=\"product-image hover_fade_in_back\">\n      \t         <div class=\"front-image\"><img width=\"200\" height=\"165\" src=\"https:\/\/www.noumeadiscovery.com\/italian\/wp-content\/uploads\/2016\/01\/DSC05338-200x165.jpg\" class=\"attachment-shop_catalog size-shop_catalog wp-post-image\" alt=\"Noumea Transport\" decoding=\"async\" loading=\"lazy\" \/><\/div>\n\t\t\t\t<div class=\"back-image back\"><img width=\"200\" height=\"165\" src=\"https:\/\/www.noumeadiscovery.com\/italian\/wp-content\/uploads\/2016\/01\/DSC05335-200x165.jpg\" class=\"attachment-shop_catalog size-shop_catalog\" alt=\"Noumea Transport\" decoding=\"async\" loading=\"lazy\" \/><\/div>\t\t\t\t\n\t\t \n\t   \t\t\t\n\t\t      <\/div><!-- end product-image -->\n<\/a>      \t\n\n    <div class=\"info style-grid2\">\n\n\t \n          \n\n          <a href=\"https:\/\/www.noumeadiscovery.com\/italian\/produit\/airport-transfer\/\"><p class=\"name\">Pachetti Trasferimenti aeroportuali<\/p><\/a>\n          \n<div itemprop=\"description\" class=\"short-description\">\n\t<p>Il nostro servizio porta a porta con navetta privata per l&rsquo;aeroporto \u00e8 una perfetta alternativa ai costosi taxi. E\u2019 affidabile, efficiente, economico e pratico, riducendo cos\u00ec lo stress per un trasferimento \u00a0da e per l&rsquo;aeroporto. Offriamo anche un servizio di gestione bagagli.<\/p>\n<\/div>     \n\n     \t\t\n\t\n\t\t<\/div><!-- end info -->\t\n\n<\/div> <!-- .inner-wrap -->\n<\/a>\n<\/li><!-- li.product-small -->\n<li class=\"product-small  grid2 grid-boxed\">\n<a href=\"https:\/\/www.noumeadiscovery.com\/italian\/produit\/private-vehicles\/\" class=\"woocommerce-LoopProduct-link woocommerce-loop-product__link\"><div class=\"inner-wrap\">\n<a href=\"https:\/\/www.noumeadiscovery.com\/italian\/produit\/private-vehicles\/\">\n      <div class=\"product-image hover_fade_in_back\">\n      \t         <div class=\"front-image\"><img width=\"200\" height=\"165\" src=\"https:\/\/www.noumeadiscovery.com\/italian\/wp-content\/uploads\/2016\/01\/DSC05300-200x165.jpg\" class=\"attachment-shop_catalog size-shop_catalog wp-post-image\" alt=\"Transport New Caledonia\" decoding=\"async\" loading=\"lazy\" \/><\/div>\n\t\t\t\t<div class=\"back-image back\"><img width=\"200\" height=\"165\" src=\"https:\/\/www.noumeadiscovery.com\/italian\/wp-content\/uploads\/2016\/01\/DSC05327-200x165.jpg\" class=\"attachment-shop_catalog size-shop_catalog\" alt=\"Transport Noumea\" decoding=\"async\" loading=\"lazy\" \/><\/div>\t\t\t\t\n\t\t \n\t   \t\t\t\n\t\t      <\/div><!-- end product-image -->\n<\/a>      \t\n\n    <div class=\"info style-grid2\">\n\n\t \n          \n\n          <a href=\"https:\/\/www.noumeadiscovery.com\/italian\/produit\/private-vehicles\/\"><p class=\"name\">Trasferimenti Privati<\/p><\/a>\n          \n<div itemprop=\"description\" class=\"short-description\">\n\t<p>Se si dispone di un gruppo, siamo in grado di trasportarli. Nessun gruppo \u00e8 troppo piccolo o troppo grande!<br \/>\n&#8211; 3 automobili private\u00a0 BMW \u00a0dotate di aria condizionata , ognuna delle quali pu\u00f2 ospitare fino a 5 passeggeri<br \/>\n&#8211; 2 minibus con aria condizionata, ognuno dei quali pu\u00f2 ospitare 15 passeggeri<br \/>\n&#8211; 7 confortevoli bus con aria condizionata, ognuno dei quali pu\u00f2 ospitare da 49 a 57 passeggeri.<\/p>\n<\/div>     \n\n     \t\t\n\t\n\t\t<\/div><!-- end info -->\t\n\n<\/div> <!-- .inner-wrap -->\n<\/a>\n<\/li><!-- li.product-small -->\n<li class=\"product-small  grid2 grid-boxed\">\n<a href=\"https:\/\/www.noumeadiscovery.com\/italian\/produit\/tourist-train\/\" class=\"woocommerce-LoopProduct-link woocommerce-loop-product__link\"><div class=\"inner-wrap\">\n<a href=\"https:\/\/www.noumeadiscovery.com\/italian\/produit\/tourist-train\/\">\n      <div class=\"product-image hover_fade_in_back\">\n      \t         <div class=\"front-image\"><img width=\"200\" height=\"165\" src=\"https:\/\/www.noumeadiscovery.com\/italian\/wp-content\/uploads\/2016\/01\/DSC05279-200x165.jpg\" class=\"attachment-shop_catalog size-shop_catalog wp-post-image\" alt=\"New Caledonia Day Tours\" decoding=\"async\" loading=\"lazy\" \/><\/div>\n\t\t\t\t<div class=\"back-image back\"><img width=\"200\" height=\"165\" src=\"https:\/\/www.noumeadiscovery.com\/italian\/wp-content\/uploads\/2015\/12\/sm17-Train-1-Wiki-Wiki-2-200x165.jpg\" class=\"attachment-shop_catalog size-shop_catalog\" alt=\"New Caledonia Day Trips\" decoding=\"async\" loading=\"lazy\" \/><\/div>\t\t\t\t\n\t\t \n\t   \t\t\t\n\t\t      <\/div><!-- end product-image -->\n<\/a>      \t\n\n    <div class=\"info style-grid2\">\n\n\t \n          \n\n          <a href=\"https:\/\/www.noumeadiscovery.com\/italian\/produit\/tourist-train\/\"><p class=\"name\">Treno Turistico<\/p><\/a>\n          \n<div itemprop=\"description\" class=\"short-description\">\n\t<p>Tutti a bordo! Questa opzione decisamente unica \u00e8 una scelta eccellente per coloro che desiderano vedere i punti salienti di Noumea, capitale della Nuova Caledonia, soprannominata la Parigi del Pacifico. I viali cosmopoliti e parchi verdeggianti sono in piena vista attraverso le finestre aperte del \u00ab\u00a0Treno Tchou Tchou\u00a0\u00bb, un veicolo a motore che vi porta in un tour guidato della citt\u00e0 e d\u2019intorni in lingua inglese. Vedi sotto per avere un&rsquo;idea del percorso tipico *.<\/p>\n<\/div>     \n\n     \t\t\n\t\n\t\t<\/div><!-- end info -->\t\n\n<\/div> <!-- .inner-wrap -->\n<\/a>\n<\/li><!-- li.product-small --><\/ul>\n<\/div>\n<\/div><!-- .large-12 --><\/div>\n","protected":false},"excerpt":{"rendered":"<p>Siamo una nuova azienda Caledoniana di trasporti, fondata nel 1984, dedicata non solo al \u00a0trasporto delle persone, \u00a0ma facciamo viaggiare felicemente anche i nostri clienti. Offriamo una variet\u00e0 di servizi, che vanno dai trasferimenti aeroportuali, ai tour personalizzati intorno alla bellissima Nuova Caledonia a qualsiasi luogo di vostra scelta. Alla Noumea Discovery Travel vogliamo sottolineare [&hellip;]\n","protected":false},"author":6,"featured_media":0,"parent":0,"menu_order":0,"comment_status":"closed","ping_status":"closed","template":"page-right-sidebar-notitle.php","meta":[],"_links":{"self":[{"href":"https:\/\/www.noumeadiscovery.com\/italian\/wp-json\/wp\/v2\/pages\/65"}],"collection":[{"href":"https:\/\/www.noumeadiscovery.com\/italian\/wp-json\/wp\/v2\/pages"}],"about":[{"href":"https:\/\/www.noumeadiscovery.com\/italian\/wp-json\/wp\/v2\/types\/page"}],"author":[{"embeddable":true,"href":"https:\/\/www.noumeadiscovery.com\/italian\/wp-json\/wp\/v2\/users\/6"}],"replies":[{"embeddable":true,"href":"https:\/\/www.noumeadiscovery.com\/italian\/wp-json\/wp\/v2\/comments?post=65"}],"version-history":[{"count":23,"href":"https:\/\/www.noumeadiscovery.com\/italian\/wp-json\/wp\/v2\/pages\/65\/revisions"}],"predecessor-version":[{"id":1642,"href":"https:\/\/www.noumeadiscovery.com\/italian\/wp-json\/wp\/v2\/pages\/65\/revisions\/1642"}],"wp:attachment":[{"href":"https:\/\/www.noumeadiscovery.com\/italian\/wp-json\/wp\/v2\/media?parent=65"}],"curies":[{"name":"wp","href":"https:\/\/api.w.org\/{rel}","templated":true}]}}