{"id":396,"date":"2016-02-18T15:47:31","date_gmt":"2016-02-18T05:47:31","guid":{"rendered":"http:\/\/noumea.respax.com.au\/?page_id=396"},"modified":"2016-07-29T08:56:42","modified_gmt":"2016-07-28T22:56:42","slug":"noumea-tours","status":"publish","type":"page","link":"https:\/\/www.noumeadiscovery.com\/french\/noumea-tours\/","title":{"rendered":"Excursions Noum\u00e9a"},"content":{"rendered":"   <div id=\"banner_1966624418\" class=\"ux_banner dark    \"  style=\"height:150px; \" data-height=\"150px\" role=\"banner\">\n                                  <div class=\"banner-bg \"  style=\"background-image:url('https:\/\/noumeadiscovery.com\/wp-content\/uploads\/2016\/01\/P1040339.jpg'); \"><img src=\"https:\/\/noumeadiscovery.com\/wp-content\/uploads\/2016\/01\/P1040339.jpg\"  alt=\"\" style=\"visibility:hidden;\" \/><\/div>\n                             <div class=\"row\" >\n          <div class=\"inner center text-center \"  style=\"width:70%;\">\n            <div class=\"inner-wrap animated fadeIn\" style=\" \">\n              <h1>Excursions Noum\u00e9a<\/h1>\n            <\/div>\n          <\/div>  \n        <\/div>\n                     <\/div><!-- end .ux_banner -->\n\n<div class=\"woocommerce columns-1 \"><div class=\"row\">\n\t<div class=\"large-12 columns\">\n\t<ul class=\"products small-block-grid-1 large-block-grid-1\">\n\n<li class=\"product-small  grid2 grid-boxed\">\n<a href=\"https:\/\/www.noumeadiscovery.com\/french\/produit\/amedee-island\/\" class=\"woocommerce-LoopProduct-link woocommerce-loop-product__link\"><div class=\"inner-wrap\">\n<a href=\"https:\/\/www.noumeadiscovery.com\/french\/produit\/amedee-island\/\">\n      <div class=\"product-image hover_fade_in_back\">\n      \t         <div class=\"front-image\"><img width=\"200\" height=\"165\" src=\"https:\/\/www.noumeadiscovery.com\/french\/wp-content\/uploads\/2015\/12\/amedee-snorkel-200x165.jpg\" class=\"attachment-shop_catalog size-shop_catalog wp-post-image\" alt=\"\" decoding=\"async\" loading=\"lazy\" \/><\/div>\n\t\t\t\t<div class=\"back-image back\"><img width=\"200\" height=\"165\" src=\"https:\/\/www.noumeadiscovery.com\/french\/wp-content\/uploads\/2015\/12\/glass-bottom-boat-amedee-island-200x165.jpg\" class=\"attachment-shop_catalog size-shop_catalog\" alt=\"Glass Bottom Boat Amedee Island\" decoding=\"async\" loading=\"lazy\" \/><\/div>\t\t\t\t\n\t\t \n\t   \t\t\t\n\t\t      <\/div><!-- end product-image -->\n<\/a>      \t\n\n    <div class=\"info style-grid2\">\n\n\t \n          \n\n          <a href=\"https:\/\/www.noumeadiscovery.com\/french\/produit\/amedee-island\/\"><p class=\"name\">L&rsquo;\u00eelot Am\u00e9d\u00e9e<\/p><\/a>\n          \n<div itemprop=\"description\" class=\"short-description\">\n\t<p><strong>Dur\u00e9e :<\/strong> La journ\u00e9e (environ 8h30 &#8211; 17h)<br \/>\n<strong>Difficult\u00e9 :<\/strong> Facile<br \/>\nPlongez dans une ambiance du Pacifique Sud et profitez des plages de sable blanc, d&rsquo;un splendide buffet tropical et nagez parmi les poissons multicolores.<\/p>\n<\/div>     \n\n     \t\t\n\t\n\t\t<\/div><!-- end info -->\t\n\n<\/div> <!-- .inner-wrap -->\n<\/a>\n<\/li><!-- li.product-small -->\n<li class=\"product-small  grid2 grid-boxed\">\n<a href=\"https:\/\/www.noumeadiscovery.com\/french\/produit\/tchou-tchou-noumea-train\/\" class=\"woocommerce-LoopProduct-link woocommerce-loop-product__link\"><div class=\"inner-wrap\">\n<a href=\"https:\/\/www.noumeadiscovery.com\/french\/produit\/tchou-tchou-noumea-train\/\">\n      <div class=\"product-image hover_fade_in_back\">\n      \t         <div class=\"front-image\"><img width=\"200\" height=\"165\" src=\"https:\/\/www.noumeadiscovery.com\/french\/wp-content\/uploads\/2015\/12\/sm17-Train-1-Wiki-Wiki-2-200x165.jpg\" class=\"attachment-shop_catalog size-shop_catalog wp-post-image\" alt=\"New Caledonia Day Trips\" decoding=\"async\" loading=\"lazy\" \/><\/div>\n\t\t\t\t<div class=\"back-image back\"><img width=\"200\" height=\"165\" src=\"https:\/\/www.noumeadiscovery.com\/french\/wp-content\/uploads\/2015\/12\/NU-25-copie-200x165.jpg\" class=\"attachment-shop_catalog size-shop_catalog\" alt=\"Noumea City Tours\" decoding=\"async\" loading=\"lazy\" \/><\/div>\t\t\t\t\n\t\t \n\t   \t\t\t\n\t\t      <\/div><!-- end product-image -->\n<\/a>      \t\n\n    <div class=\"info style-grid2\">\n\n\t \n          \n\n          <a href=\"https:\/\/www.noumeadiscovery.com\/french\/produit\/tchou-tchou-noumea-train\/\"><p class=\"name\">Tchou Tchou Train<\/p><\/a>\n          \n<div itemprop=\"description\" class=\"short-description\">\n\t<h3>Adult: 3500 CFP<br \/>\nChild: 1500 CFP<\/h3>\n<p><strong>Dur\u00e9e :<\/strong> 2h<br \/>\n<strong>Difficult\u00e9 : <\/strong>Facile<br \/>\n<strong>D\u00e9part : <\/strong>Tous les mardis et samedis<\/p>\n<p><em>* Tarif valable pour un s\u00e9jour de 3 nuits min en Nouvelle Cal\u00e9donie<\/em><\/p>\n<p>&nbsp;<\/p>\n<\/div>     \n\n     \t\t\n\t\n\t\t<\/div><!-- end info -->\t\n\n<\/div> <!-- .inner-wrap -->\n<\/a>\n<\/li><!-- li.product-small -->\n<li class=\"product-small  grid2 grid-boxed\">\n<a href=\"https:\/\/www.noumeadiscovery.com\/french\/produit\/tour-guide-au-centre-culturel-tjibaou\/\" class=\"woocommerce-LoopProduct-link woocommerce-loop-product__link\"><div class=\"inner-wrap\">\n<a href=\"https:\/\/www.noumeadiscovery.com\/french\/produit\/tour-guide-au-centre-culturel-tjibaou\/\">\n      <div class=\"product-image hover_fade_in_back\">\n      \t         <div class=\"front-image\"><img width=\"200\" height=\"165\" src=\"https:\/\/www.noumeadiscovery.com\/french\/wp-content\/uploads\/2016\/07\/tijbaou_a-200x165.jpg\" class=\"attachment-shop_catalog size-shop_catalog wp-post-image\" alt=\"\" decoding=\"async\" loading=\"lazy\" \/><\/div>\n\t\t\t\t<div class=\"back-image back\"><img width=\"200\" height=\"165\" src=\"https:\/\/www.noumeadiscovery.com\/french\/wp-content\/uploads\/2016\/07\/Tjibaou-Cultural-Center-200x165.jpg\" class=\"attachment-shop_catalog size-shop_catalog\" alt=\"\" decoding=\"async\" loading=\"lazy\" \/><\/div>\t\t\t\t\n\t\t \n\t   \t\t\t\n\t\t      <\/div><!-- end product-image -->\n<\/a>      \t\n\n    <div class=\"info style-grid2\">\n\n\t \n          \n\n          <a href=\"https:\/\/www.noumeadiscovery.com\/french\/produit\/tour-guide-au-centre-culturel-tjibaou\/\"><p class=\"name\">Tour guid\u00e9 au centre culturel Tjibaou<\/p><\/a>\n          \n<div itemprop=\"description\" class=\"short-description\">\n\t<p><strong>Dur\u00e9e :<\/strong> 2h<br \/>\n<strong>Difficult\u00e9 : <\/strong>Facile<br \/>\n<strong>D\u00e9part : <\/strong>le mardi &#8211; au d\u00e9part de l&rsquo;agence Mary D.<\/p>\n<p>Autre jour sur demande<\/p>\n<\/div>     \n\n     \t\t\n\t\n\t\t<\/div><!-- end info -->\t\n\n<\/div> <!-- .inner-wrap -->\n<\/a>\n<\/li><!-- li.product-small -->\n<li class=\"product-small  grid2 grid-boxed\">\n<a href=\"https:\/\/www.noumeadiscovery.com\/french\/produit\/tour-guide-au-parc-forestier\/\" class=\"woocommerce-LoopProduct-link woocommerce-loop-product__link\"><div class=\"inner-wrap\">\n<a href=\"https:\/\/www.noumeadiscovery.com\/french\/produit\/tour-guide-au-parc-forestier\/\">\n      <div class=\"product-image hover_fade_in_back\">\n      \t         <div class=\"front-image\"><img width=\"200\" height=\"165\" src=\"https:\/\/www.noumeadiscovery.com\/french\/wp-content\/uploads\/2016\/07\/parc-view-lake-200x165.jpg\" class=\"attachment-shop_catalog size-shop_catalog wp-post-image\" alt=\"\" decoding=\"async\" loading=\"lazy\" \/><\/div>\n\t\t\t\t<div class=\"back-image back\"><img width=\"200\" height=\"165\" src=\"https:\/\/www.noumeadiscovery.com\/french\/wp-content\/uploads\/2016\/07\/corbeau-cale\u0301donien-200x165.jpg\" class=\"attachment-shop_catalog size-shop_catalog\" alt=\"\" decoding=\"async\" loading=\"lazy\" \/><\/div>\t\t\t\t\n\t\t \n\t   \t\t\t\n\t\t      <\/div><!-- end product-image -->\n<\/a>      \t\n\n    <div class=\"info style-grid2\">\n\n\t \n          \n\n          <a href=\"https:\/\/www.noumeadiscovery.com\/french\/produit\/tour-guide-au-parc-forestier\/\"><p class=\"name\">Tour guid\u00e9 au Parc Forestier<\/p><\/a>\n          \n<div itemprop=\"description\" class=\"short-description\">\n\t<p><strong>Dur\u00e9e :<\/strong> 3h<br \/>\n<strong>Difficult\u00e9 : <\/strong>Facile<br \/>\n<strong>D\u00e9part : <\/strong>le mardi &#8211; au d\u00e9part de l&rsquo;agence Mary D.<\/p>\n<p>Autre jour sur demande<\/p>\n<\/div>     \n\n     \t\t\n\t\n\t\t<\/div><!-- end info -->\t\n\n<\/div> <!-- .inner-wrap -->\n<\/a>\n<\/li><!-- li.product-small -->\n<li class=\"product-small  grid2 grid-boxed\">\n<a href=\"https:\/\/www.noumeadiscovery.com\/french\/produit\/scenic-drive-with-cheese-wine\/\" class=\"woocommerce-LoopProduct-link woocommerce-loop-product__link\"><div class=\"inner-wrap\">\n<a href=\"https:\/\/www.noumeadiscovery.com\/french\/produit\/scenic-drive-with-cheese-wine\/\">\n      <div class=\"product-image hover_fade_in_back\">\n      \t         <div class=\"front-image\"><img width=\"200\" height=\"165\" src=\"https:\/\/www.noumeadiscovery.com\/french\/wp-content\/uploads\/2016\/01\/thumb_DSC_0054_1024-200x165.jpg\" class=\"attachment-shop_catalog size-shop_catalog wp-post-image\" alt=\"\" decoding=\"async\" loading=\"lazy\" \/><\/div>\n\t\t\t\t<div class=\"back-image back\"><img width=\"200\" height=\"165\" src=\"https:\/\/www.noumeadiscovery.com\/french\/wp-content\/uploads\/2016\/04\/IMG_7740-200x165.jpg\" class=\"attachment-shop_catalog size-shop_catalog\" alt=\"\" decoding=\"async\" loading=\"lazy\" \/><\/div>\t\t\t\t\n\t\t \n\t   \t\t\t\n\t\t      <\/div><!-- end product-image -->\n<\/a>      \t\n\n    <div class=\"info style-grid2\">\n\n\t \n          \n\n          <a href=\"https:\/\/www.noumeadiscovery.com\/french\/produit\/scenic-drive-with-cheese-wine\/\"><p class=\"name\">Tour gourmet<\/p><\/a>\n          \n<div itemprop=\"description\" class=\"short-description\">\n\t<p><strong>Dur\u00e9e :<\/strong> 2h<br \/>\n<strong>Difficult\u00e9 :<\/strong> Facile<br \/>\nProfitez d&#039;une visite guid\u00e9e de Noum\u00e9a o\u00f9 vous d\u00e9couvrirez une s\u00e9lection de vins, pains et fromages pour retrouver les saveurs du terroir fran\u00e7ais \u00e0 l\u2019autre bout du monde.<\/p>\n<p>D\u00e9part garanti : le vendredi<\/p>\n<p>Autre jour sur demande.<\/p>\n<\/div>     \n\n     \t\t\n\t\n\t\t<\/div><!-- end info -->\t\n\n<\/div> <!-- .inner-wrap -->\n<\/a>\n<\/li><!-- li.product-small -->\n<li class=\"product-small  grid2 grid-boxed\">\n<a href=\"https:\/\/www.noumeadiscovery.com\/french\/produit\/tree-tree-climbing\/\" class=\"woocommerce-LoopProduct-link woocommerce-loop-product__link\"><div class=\"inner-wrap\">\n<a href=\"https:\/\/www.noumeadiscovery.com\/french\/produit\/tree-tree-climbing\/\">\n      <div class=\"product-image hover_fade_in_back\">\n      \t         <div class=\"front-image\"><img width=\"200\" height=\"165\" src=\"https:\/\/www.noumeadiscovery.com\/french\/wp-content\/uploads\/2016\/07\/Tree-to-Tree-2-200x165.jpg\" class=\"attachment-shop_catalog size-shop_catalog wp-post-image\" alt=\"\" decoding=\"async\" loading=\"lazy\" \/><\/div>\n\t\t\t\t<div class=\"back-image back\"><img width=\"200\" height=\"165\" src=\"https:\/\/www.noumeadiscovery.com\/french\/wp-content\/uploads\/2016\/07\/Tree-to-Tree-4-200x165.jpg\" class=\"attachment-shop_catalog size-shop_catalog\" alt=\"\" decoding=\"async\" loading=\"lazy\" \/><\/div>\t\t\t\t\n\t\t \n\t   \t\t\t\n\t\t      <\/div><!-- end product-image -->\n<\/a>      \t\n\n    <div class=\"info style-grid2\">\n\n\t \n          \n\n          <a href=\"https:\/\/www.noumeadiscovery.com\/french\/produit\/tree-tree-climbing\/\"><p class=\"name\">Accrobranche<\/p><\/a>\n          \n<div itemprop=\"description\" class=\"short-description\">\n\t<p><strong>Dur\u00e9e :<\/strong> \u00c0 partir de 30 minutes<br \/>\n<strong>Difficult\u00e9 :<\/strong> Facile \u00e0 difficile selon le parcours choisi (ne pas avoir le vertige)<br \/>\n<strong>Taille minimum :<\/strong> 1m40 cm<br \/>\n<strong>\u00c2ge minimum :<\/strong> 6 ans<br \/>\nPartez pour 2 heures d\u2019aventure \u00e0 travers les arbres et d\u00e9couvrez la beaut\u00e9 de la for\u00eat du Mont Koghi d\u2019une autre mani\u00e8re.<\/p>\n<p>D\u00e9part garanti le mardi.<\/p>\n<p>Autre jour sur demande. D\u00e9part depuis l&#039;agence Mary D (Anse Vata)<\/p>\n<\/div>     \n\n     \t\t\n\t\n\t\t<\/div><!-- end info -->\t\n\n<\/div> <!-- .inner-wrap -->\n<\/a>\n<\/li><!-- li.product-small -->\n<li class=\"product-small  grid2 grid-boxed\">\n<a href=\"https:\/\/www.noumeadiscovery.com\/french\/produit\/noumea-segway-adventure\/\" class=\"woocommerce-LoopProduct-link woocommerce-loop-product__link\"><div class=\"inner-wrap\">\n<a href=\"https:\/\/www.noumeadiscovery.com\/french\/produit\/noumea-segway-adventure\/\">\n      <div class=\"product-image hover_fade_in_back\">\n      \t         <div class=\"front-image\"><img width=\"200\" height=\"165\" src=\"https:\/\/www.noumeadiscovery.com\/french\/wp-content\/uploads\/2016\/02\/noumea-city-tours-200x165.jpg\" class=\"attachment-shop_catalog size-shop_catalog wp-post-image\" alt=\"\" decoding=\"async\" loading=\"lazy\" \/><\/div>\n\t\t\t\t<div class=\"back-image back\"><img width=\"200\" height=\"165\" src=\"https:\/\/www.noumeadiscovery.com\/french\/wp-content\/uploads\/2016\/02\/new-caledonia-tours-200x165.jpg\" class=\"attachment-shop_catalog size-shop_catalog\" alt=\"\" decoding=\"async\" loading=\"lazy\" \/><\/div>\t\t\t\t\n\t\t \n\t   \t\t\t\n\t\t      <\/div><!-- end product-image -->\n<\/a>      \t\n\n    <div class=\"info style-grid2\">\n\n\t \n          \n\n          <a href=\"https:\/\/www.noumeadiscovery.com\/french\/produit\/noumea-segway-adventure\/\"><p class=\"name\">Tour des baies en Segway<\/p><\/a>\n          \n<div itemprop=\"description\" class=\"short-description\">\n\t<p><strong>Dur\u00e9e:<\/strong> 1h<br \/>\n<strong>Difficult\u00e9 :<\/strong> Facile<br \/>\nApr\u00e8s une initiation et un briefing des r\u00e8gles de s\u00e9curit\u00e9, en route pour une balade le long de la baie de l\u2019Anse Vata et de la baie des citrons !<\/p>\n<p>&nbsp;<\/p>\n<\/div>     \n\n     \t\t\n\t\n\t\t<\/div><!-- end info -->\t\n\n<\/div> <!-- .inner-wrap -->\n<\/a>\n<\/li><!-- li.product-small -->\n<li class=\"product-small  grid2 grid-boxed\">\n<a href=\"https:\/\/www.noumeadiscovery.com\/french\/produit\/tenia-island-daytrip\/\" class=\"woocommerce-LoopProduct-link woocommerce-loop-product__link\"><div class=\"inner-wrap\">\n<a href=\"https:\/\/www.noumeadiscovery.com\/french\/produit\/tenia-island-daytrip\/\">\n      <div class=\"product-image hover_fade_in_back\">\n      \t         <div class=\"front-image\"><img width=\"200\" height=\"165\" src=\"https:\/\/www.noumeadiscovery.com\/french\/wp-content\/uploads\/2016\/excursions\/Aerial Tenia (11)-200x165.jpg\" class=\"attachment-shop_catalog size-shop_catalog wp-post-image\" alt=\"\" decoding=\"async\" loading=\"lazy\" \/><\/div>\n\t\t\t\t<div class=\"back-image back\"><img width=\"200\" height=\"165\" src=\"https:\/\/www.noumeadiscovery.com\/french\/wp-content\/uploads\/2016\/excursions\/Aerial Tenia kayak-200x165.jpg\" class=\"attachment-shop_catalog size-shop_catalog\" alt=\"\" decoding=\"async\" loading=\"lazy\" \/><\/div>\t\t\t\t\n\t\t \n\t   \t\t\t\n\t\t      <\/div><!-- end product-image -->\n<\/a>      \t\n\n    <div class=\"info style-grid2\">\n\n\t \n          \n\n          <a href=\"https:\/\/www.noumeadiscovery.com\/french\/produit\/tenia-island-daytrip\/\"><p class=\"name\">\u00celot Tenia<\/p><\/a>\n          \n<div itemprop=\"description\" class=\"short-description\">\n\t<p><strong>Dur\u00e9e :<\/strong> environ 8 heures<br \/>\n<strong>Difficult\u00e9 : <\/strong>Facile<br \/>\nProfitez d&rsquo;une journ\u00e9e plage, pique-nique et activit\u00e9s \u00e0 l&rsquo;\u00eflot Tenia connu pour sa v\u00e9g\u00e9tation typique des \u00eelots du lagon Cal\u00e9donien et sa faune marine remarquable : tricots ray\u00e9s, tortues, et pour les plus chanceux dugongs et dauphins !<\/p>\n<\/div>     \n\n     \t\t\n\t\n\t\t<\/div><!-- end info -->\t\n\n<\/div> <!-- .inner-wrap -->\n<\/a>\n<\/li><!-- li.product-small -->\n<li class=\"product-small  grid2 grid-boxed\">\n<a href=\"https:\/\/www.noumeadiscovery.com\/french\/produit\/jet-skiing-flyboarding-teleskiing-tubing\/\" class=\"woocommerce-LoopProduct-link woocommerce-loop-product__link\"><div class=\"inner-wrap\">\n<a href=\"https:\/\/www.noumeadiscovery.com\/french\/produit\/jet-skiing-flyboarding-teleskiing-tubing\/\">\n      <div class=\"product-image hover_fade_in_back\">\n      \t         <div class=\"front-image\"><img width=\"200\" height=\"165\" src=\"https:\/\/www.noumeadiscovery.com\/french\/wp-content\/uploads\/2016\/04\/Jetski-1-200x165.jpg\" class=\"attachment-shop_catalog size-shop_catalog wp-post-image\" alt=\"\" decoding=\"async\" loading=\"lazy\" \/><\/div>\n\t\t\t\t<div class=\"back-image back\"><img width=\"200\" height=\"165\" src=\"https:\/\/www.noumeadiscovery.com\/french\/wp-content\/uploads\/2018\/02\/z-102_2021-200x165.jpg\" class=\"attachment-shop_catalog size-shop_catalog\" alt=\"\" decoding=\"async\" loading=\"lazy\" \/><\/div>\t\t\t\t\n\t\t \n\t   \t\t\t\n\t\t      <\/div><!-- end product-image -->\n<\/a>      \t\n\n    <div class=\"info style-grid2\">\n\n\t \n          \n\n          <a href=\"https:\/\/www.noumeadiscovery.com\/french\/produit\/jet-skiing-flyboarding-teleskiing-tubing\/\"><p class=\"name\">Jetski<\/p><\/a>\n          \n<div itemprop=\"description\" class=\"short-description\">\n\t<p>Partez \u00e0 la d\u00e9couverte du plus grand lagon du monde \u00e0 bord de votre jetski et accompagn\u00e9 de votre moniteur !<\/p>\n<p><strong>Dur\u00e9e :<\/strong> 3 heures<br \/>\n<strong>Difficult\u00e9 : <\/strong>Facile<br \/>\n<strong>Horaires\u00a0:<\/strong> Tous les jours &#8211; sur r\u00e9servation<\/p>\n<p>N&rsquo;oubliez pas : lunettes de soleil, cr\u00e8me solaire, masque tuba \u2026<\/p>\n<\/div>     \n\n     \t\t\n\t\n\t\t<\/div><!-- end info -->\t\n\n<\/div> <!-- .inner-wrap -->\n<\/a>\n<\/li><!-- li.product-small -->\n<li class=\"product-small  grid2 grid-boxed\">\n<a href=\"https:\/\/www.noumeadiscovery.com\/french\/produit\/noumea-mangrove-discovery\/\" class=\"woocommerce-LoopProduct-link woocommerce-loop-product__link\"><div class=\"inner-wrap\">\n<a href=\"https:\/\/www.noumeadiscovery.com\/french\/produit\/noumea-mangrove-discovery\/\">\n      <div class=\"product-image hover_fade_in_back\">\n      \t         <div class=\"front-image\"><img width=\"200\" height=\"165\" src=\"https:\/\/www.noumeadiscovery.com\/french\/wp-content\/uploads\/2016\/01\/Mangrove2-200x165.jpg\" class=\"attachment-shop_catalog size-shop_catalog wp-post-image\" alt=\"\" decoding=\"async\" loading=\"lazy\" \/><\/div>\n\t\t\t\t<div class=\"back-image back\"><img width=\"200\" height=\"165\" src=\"https:\/\/www.noumeadiscovery.com\/french\/wp-content\/uploads\/2016\/01\/IMG_5396-200x165.jpg\" class=\"attachment-shop_catalog size-shop_catalog\" alt=\"\" decoding=\"async\" loading=\"lazy\" \/><\/div>\t\t\t\t\n\t\t \n\t   \t\t\t\n\t\t      <\/div><!-- end product-image -->\n<\/a>      \t\n\n    <div class=\"info style-grid2\">\n\n\t \n          \n\n          <a href=\"https:\/\/www.noumeadiscovery.com\/french\/produit\/noumea-mangrove-discovery\/\"><p class=\"name\">D\u00e9couverte de la Mangrove<\/p><\/a>\n          \n<div itemprop=\"description\" class=\"short-description\">\n\t<p><strong>Dur\u00e9e :<\/strong> 2h<br \/>\n<strong>Difficult\u00e9 :<\/strong> Moyenne<br \/>\nD\u00e9couvrez la myst\u00e9rieuse mangrove cal\u00e9donienne situ\u00e9e dans la p\u00e9ninsule de Ou\u00e9mo pour y observer de petits animaux (dont certains pr\u00e9historiques) et composants de cet \u00e9trange et remarquable \u00e9cosyst\u00e8me.<\/p>\n<\/div>     \n\n     \t\t\n\t\n\t\t<\/div><!-- end info -->\t\n\n<\/div> <!-- .inner-wrap -->\n<\/a>\n<\/li><!-- li.product-small --><\/ul>\n<\/div>\n<\/div><!-- .large-12 --><\/div>\n","protected":false},"excerpt":{"rendered":"","protected":false},"author":6,"featured_media":0,"parent":0,"menu_order":0,"comment_status":"closed","ping_status":"closed","template":"page-right-sidebar-notitle.php","meta":[],"_links":{"self":[{"href":"https:\/\/www.noumeadiscovery.com\/french\/wp-json\/wp\/v2\/pages\/396"}],"collection":[{"href":"https:\/\/www.noumeadiscovery.com\/french\/wp-json\/wp\/v2\/pages"}],"about":[{"href":"https:\/\/www.noumeadiscovery.com\/french\/wp-json\/wp\/v2\/types\/page"}],"author":[{"embeddable":true,"href":"https:\/\/www.noumeadiscovery.com\/french\/wp-json\/wp\/v2\/users\/6"}],"replies":[{"embeddable":true,"href":"https:\/\/www.noumeadiscovery.com\/french\/wp-json\/wp\/v2\/comments?post=396"}],"version-history":[{"count":13,"href":"https:\/\/www.noumeadiscovery.com\/french\/wp-json\/wp\/v2\/pages\/396\/revisions"}],"predecessor-version":[{"id":1840,"href":"https:\/\/www.noumeadiscovery.com\/french\/wp-json\/wp\/v2\/pages\/396\/revisions\/1840"}],"wp:attachment":[{"href":"https:\/\/www.noumeadiscovery.com\/french\/wp-json\/wp\/v2\/media?parent=396"}],"curies":[{"name":"wp","href":"https:\/\/api.w.org\/{rel}","templated":true}]}}