{"id":1250,"date":"2016-04-15T10:16:05","date_gmt":"2016-04-15T00:16:05","guid":{"rendered":"http:\/\/noumea.respax.com.au\/?page_id=1250"},"modified":"2016-11-08T16:40:11","modified_gmt":"2016-11-08T06:40:11","slug":"bourail","status":"publish","type":"page","link":"https:\/\/www.noumeadiscovery.com\/french\/destinations\/bourail\/","title":{"rendered":"Bourail"},"content":{"rendered":"   <div id=\"banner_2127102305\" class=\"ux_banner dark    \"  style=\"height:150px; \" data-height=\"150px\" role=\"banner\">\n                                  <div class=\"banner-bg \"  style=\"background-image:url('https:\/\/noumeadiscovery.com\/wp-content\/uploads\/2016\/04\/bourail.jpg'); \"><img src=\"https:\/\/noumeadiscovery.com\/wp-content\/uploads\/2016\/04\/bourail.jpg\"  alt=\"\" style=\"visibility:hidden;\" \/><\/div>\n                             <div class=\"row\" >\n          <div class=\"inner center text-center \"  style=\"width:70%;\">\n            <div class=\"inner-wrap animated fadeIn\" style=\" \">\n              <h1>Bourail<\/h1>\n            <\/div>\n          <\/div>  \n        <\/div>\n                     <\/div><!-- end .ux_banner -->\n\n<p>A environ 160 km de Noum\u00e9a, Bourail est une destination touristique incontournable. Entre paysage de for\u00eat s\u00e8che et lagon, cette r\u00e9gion immense refl\u00e8te \u00ab\u00a0le Far West Cal\u00e9donien\u00a0\u00bb avec ses plaines d\u00e9di\u00e9es \u00e0 l\u2019\u00e9levage du b\u00e9tail. Chaque ann\u00e9e une grande foire est organis\u00e9e autour de ce th\u00e8me rural. Bienvenue en brousse\u00a0!<\/p>\n<h3>Les incontournables :<\/h3>\n\t<div  class=\"row container \">\n<div class=\"small-12    large-3  columns   \"  ><div class=\"column-inner\"  >\n   <div id=\"banner_1259689708\" class=\"ux_banner dark    \"  style=\"height:180px; \" data-height=\"180px\" role=\"banner\">\n      <a href=\"#green\" >                            <div class=\"banner-bg \"  style=\"background-image:url('https:\/\/noumeadiscovery.com\/wp-content\/uploads\/2016\/04\/ile verte.JPG'); \"><img src=\"https:\/\/noumeadiscovery.com\/wp-content\/uploads\/2016\/04\/ile verte.JPG\"  alt=\"\" style=\"visibility:hidden;\" \/><\/div>\n                             <div class=\"row\" >\n          <div class=\"inner center text-center \"  style=\"width:70%;\">\n            <div class=\"inner-wrap animated fadeIn\" style=\" \">\n                          <\/div>\n          <\/div>  \n        <\/div>\n       <\/a>              <\/div><!-- end .ux_banner -->\n\n<div class=\"imagebox\">\n<div class=\"imagelabel\">\n<h3><a href=\"#roche\">L&rsquo;Ile Verte<\/a><\/h3>\n<\/div>\n<\/div>\n<\/div><\/div>\n<div class=\"small-12    large-3  columns   \"  ><div class=\"column-inner\"  >\n<div class=\"imagebox\">   <div id=\"banner_807982825\" class=\"ux_banner dark    \"  style=\"height:180px; \" data-height=\"180px\" role=\"banner\">\n      <a href=\"#roche\" >                            <div class=\"banner-bg \"  style=\"background-image:url('https:\/\/noumeadiscovery.com\/wp-content\/uploads\/2016\/04\/la roche percee.jpg'); \"><img src=\"https:\/\/noumeadiscovery.com\/wp-content\/uploads\/2016\/04\/la roche percee.jpg\"  alt=\"\" style=\"visibility:hidden;\" \/><\/div>\n                             <div class=\"row\" >\n          <div class=\"inner center text-center \"  style=\"width:70%;\">\n            <div class=\"inner-wrap animated fadeIn\" style=\" \">\n                          <\/div>\n          <\/div>  \n        <\/div>\n       <\/a>              <\/div><!-- end .ux_banner -->\n\n<div class=\"imagelabel\">\n<h3><a href=\"#roche\">La Roche Perc\u00e9e<\/a><\/h3>\n<\/div>\n<\/div>\n<\/div><\/div>\n<div class=\"small-12    large-3  columns   \"  ><div class=\"column-inner\"  >\n<div class=\"imagebox\">   <div id=\"banner_2091883124\" class=\"ux_banner dark    \"  style=\"height:180px; \" data-height=\"180px\" role=\"banner\">\n      <a href=\"#turtle\" >                            <div class=\"banner-bg \"  style=\"background-image:url('https:\/\/noumeadiscovery.com\/wp-content\/uploads\/2016\/04\/turtle bay.jpg'); \"><img src=\"https:\/\/noumeadiscovery.com\/wp-content\/uploads\/2016\/04\/turtle bay.jpg\"  alt=\"\" style=\"visibility:hidden;\" \/><\/div>\n                             <div class=\"row\" >\n          <div class=\"inner center text-center \"  style=\"width:70%;\">\n            <div class=\"inner-wrap animated fadeIn\" style=\" \">\n                          <\/div>\n          <\/div>  \n        <\/div>\n       <\/a>              <\/div><!-- end .ux_banner -->\n\n<div class=\"imagelabel\">\n<h3><a href=\"#turtle\">La Baie des Tortues<\/a><\/h3>\n<\/div>\n<\/div>\n<\/div><\/div>\n<div class=\"small-12    large-3  columns   \"  ><div class=\"column-inner\"  >\n<div class=\"imagebox\">   <div id=\"banner_48730411\" class=\"ux_banner dark    \"  style=\"height:180px; \" data-height=\"180px\" role=\"banner\">\n      <a href=\"#poe\" >                            <div class=\"banner-bg \"  style=\"background-image:url('https:\/\/noumeadiscovery.com\/wp-content\/uploads\/2016\/04\/poe beach.jpg'); \"><img src=\"https:\/\/noumeadiscovery.com\/wp-content\/uploads\/2016\/04\/poe beach.jpg\"  alt=\"\" style=\"visibility:hidden;\" \/><\/div>\n                             <div class=\"row\" >\n          <div class=\"inner center text-center \"  style=\"width:70%;\">\n            <div class=\"inner-wrap animated fadeIn\" style=\" \">\n                          <\/div>\n          <\/div>  \n        <\/div>\n       <\/a>              <\/div><!-- end .ux_banner -->\n\n<div class=\"imagelabel\">\n<h3><a href=\"#poe\">Po\u00e9<\/a><\/h3>\n<\/div>\n<\/div>\n<\/div><\/div><\/div>\n  \t<div  class=\"row container \">\n<div class=\"small-12    large-3  columns   \"  ><div class=\"column-inner\"  >\n<div class=\"imagebox\">   <div id=\"banner_641632905\" class=\"ux_banner dark    \"  style=\"height:180px; \" data-height=\"180px\" role=\"banner\">\n      <a href=\"#fair\" >                            <div class=\"banner-bg \"  style=\"background-image:url('https:\/\/noumeadiscovery.com\/wp-content\/uploads\/2016\/04\/foire bourail.jpg'); \"><img src=\"https:\/\/noumeadiscovery.com\/wp-content\/uploads\/2016\/04\/foire bourail.jpg\"  alt=\"\" style=\"visibility:hidden;\" \/><\/div>\n                             <div class=\"row\" >\n          <div class=\"inner center text-center \"  style=\"width:70%;\">\n            <div class=\"inner-wrap animated fadeIn\" style=\" \">\n                          <\/div>\n          <\/div>  \n        <\/div>\n       <\/a>              <\/div><!-- end .ux_banner -->\n\n<div class=\"imagelabel\">\n<h3><a href=\"#fair\">La Foire de Bourail<\/a><\/h3>\n<\/div>\n<\/div>\n<\/div><\/div>\n<div class=\"small-12    large-3  columns   \"  ><div class=\"column-inner\"  >\n<div class=\"imagebox\">   <div id=\"banner_1564060753\" class=\"ux_banner dark    \"  style=\"height:180px; \" data-height=\"180px\" role=\"banner\">\n      <a href=\"#museum\" >                            <div class=\"banner-bg \"  style=\"background-image:url('https:\/\/noumeadiscovery.com\/wp-content\/uploads\/2016\/04\/bourail museum.jpg'); \"><img src=\"https:\/\/noumeadiscovery.com\/wp-content\/uploads\/2016\/04\/bourail museum.jpg\"  alt=\"\" style=\"visibility:hidden;\" \/><\/div>\n                             <div class=\"row\" >\n          <div class=\"inner center text-center \"  style=\"width:70%;\">\n            <div class=\"inner-wrap animated fadeIn\" style=\" \">\n                          <\/div>\n          <\/div>  \n        <\/div>\n       <\/a>              <\/div><!-- end .ux_banner -->\n\n<div class=\"imagelabel\">\n<h3><a href=\"#museum\">Le Mus\u00e9e de Bourail<\/a><\/h3>\n<\/div>\n<\/div>\n<\/div><\/div>\n<div class=\"small-12    large-3  columns   \"  ><div class=\"column-inner\"  >\n<div class=\"imagebox\">   <div id=\"banner_1072099650\" class=\"ux_banner dark    \"  style=\"height:180px; \" data-height=\"180px\" role=\"banner\">\n      <a href=\"#gouaro\" >                            <div class=\"banner-bg \"  style=\"background-image:url('https:\/\/noumeadiscovery.com\/wp-content\/uploads\/2016\/04\/gouaro deva.jpg'); \"><img src=\"https:\/\/noumeadiscovery.com\/wp-content\/uploads\/2016\/04\/gouaro deva.jpg\"  alt=\"\" style=\"visibility:hidden;\" \/><\/div>\n                             <div class=\"row\" >\n          <div class=\"inner center text-center \"  style=\"width:70%;\">\n            <div class=\"inner-wrap animated fadeIn\" style=\" \">\n                          <\/div>\n          <\/div>  \n        <\/div>\n       <\/a>              <\/div><!-- end .ux_banner -->\n\n<div class=\"imagelabel\">\n<h3><a href=\"#gouaro\">Le Domaine de Gouaro Deva<\/a><\/h3>\n<\/div>\n<\/div>\n<\/div><\/div>\n<div class=\"small-12    large-3  columns   \"  ><div class=\"column-inner\"  >\n<div class=\"imagebox\">   <div id=\"banner_806647606\" class=\"ux_banner dark    \"  style=\"height:180px; \" data-height=\"180px\" role=\"banner\">\n      <a href=\"#nz\" >                            <div class=\"banner-bg \"  style=\"background-image:url('https:\/\/noumeadiscovery.com\/wp-content\/uploads\/2016\/04\/nz cimetery.jpg'); \"><img src=\"https:\/\/noumeadiscovery.com\/wp-content\/uploads\/2016\/04\/nz cimetery.jpg\"  alt=\"\" style=\"visibility:hidden;\" \/><\/div>\n                             <div class=\"row\" >\n          <div class=\"inner center text-center \"  style=\"width:70%;\">\n            <div class=\"inner-wrap animated fadeIn\" style=\" \">\n                          <\/div>\n          <\/div>  \n        <\/div>\n       <\/a>              <\/div><!-- end .ux_banner -->\n\n<div class=\"imagelabel\">\n<h3><a href=\"#fair\">Le Cimeti\u00e8re Militaire N\u00e9o-Z\u00e9landais<\/a><\/h3>\n<\/div>\n<\/div>\n<\/div><\/div>\n<div class=\"small-12    large-3  columns   \"  ><div class=\"column-inner\"  >\n<\/div><\/div><\/div>\n  \n \n\n<div id=\"green\" class=\"mfp-hide mfp-content-inner lightbox-white\" style=\"max-width:600px;padding:20px\">\n    <p>&nbsp;<\/p>\n<h3>L&rsquo;Ile Verte<\/h3>\n<p>L\u2019endroit est id\u00e9al pour la plong\u00e9e en palme-masque-tuba afin de d\u00e9couvrir la faune aquatique du lagon. L\u2019Ile Verte appartient \u00e0 la r\u00e9serve marine de Bourail et est prot\u00e9g\u00e9e : la p\u00eache y est interdite et il est demand\u00e9 de ne pas ramasser de coquillages ou encore de d\u00e9ranger les oiseaux.<\/p>\n<\/div><!-- Lightbox-green -->\n\n<script>\njQuery(document).ready(function($) {\n\n      \n      $('a[href=\"#green\"]').click(function(e){\n         \/\/ Close openend lightboxes\n         var delay = 0;\n         \n         if($.magnificPopup.open){\n            $.magnificPopup.close();\n            delay = 300;\n         }\n\n         \/\/ Start lightbox\n         setTimeout(function(){\n            $.magnificPopup.open({\n                  midClick: true,\n                  removalDelay: 300,\n                  items: {\n                    src: '#green', \n                    type: 'inline'\n                  }\n            });\n          }, delay);\n\n        e.preventDefault();\n      });\n});\n<\/script>\n\n \n\n<div id=\"roche\" class=\"mfp-hide mfp-content-inner lightbox-white\" style=\"max-width:600px;padding:20px\">\n    <h3>La Roche Perc\u00e9e<\/h3>\n<p>C\u2019est l\u2019oc\u00e9an qui a donn\u00e9 cette allure \u00e0 la Roche Perc\u00e9e. Il s\u2019agit d\u2019une grande falaise, avec le rocher dit \u00ab le Bonhomme de Bourail \u00bb., dont la l\u00e9gende raconte qu\u2019il repr\u00e9senterait le gardien de l\u2019\u00e9rosion qui a ici model\u00e9 un paysage unique donnant sur l\u2019oc\u00e9an. Une belle balade en perspective. La plage de la Roche Perc\u00e9e est tr\u00e8s fr\u00e9quent\u00e9e des surfeurs, des comp\u00e9titions y sont r\u00e9guli\u00e8rement organis\u00e9es.<\/p>\n<\/div><!-- Lightbox-roche -->\n\n<script>\njQuery(document).ready(function($) {\n\n      \n      $('a[href=\"#roche\"]').click(function(e){\n         \/\/ Close openend lightboxes\n         var delay = 0;\n         \n         if($.magnificPopup.open){\n            $.magnificPopup.close();\n            delay = 300;\n         }\n\n         \/\/ Start lightbox\n         setTimeout(function(){\n            $.magnificPopup.open({\n                  midClick: true,\n                  removalDelay: 300,\n                  items: {\n                    src: '#roche', \n                    type: 'inline'\n                  }\n            });\n          }, delay);\n\n        e.preventDefault();\n      });\n});\n<\/script>\n\n \n\n<div id=\"turtle\" class=\"mfp-hide mfp-content-inner lightbox-white\" style=\"max-width:600px;padding:20px\">\n    <h3>La Baie des Tortues<\/h3>\n<p>La Baie des Tortues est r\u00e9put\u00e9e pour \u00eatre le lieu de pr\u00e9dilection de ponte des tortues \u00e0 grosse t\u00eate. Une association se charge de prot\u00e9ger et recenser les tortues lors de cette p\u00e9riode.\u00a0 Bord\u00e9e de pins colonnaires, arbres end\u00e9miques de Nouvelle Cal\u00e9donie, cette baie est un arr\u00eat picnic m\u00e9morable. La baignade y est interdite, en raison de la dangerosit\u00e9 des courants. Vous pouvez emprunter le sentier des trois baies pour une ballade de 4km pendant laquelle vous aurez l\u2019occasion d\u2019admirer la Baie des Tortues, la Baie des Amoureux et la Roche Perc\u00e9e.<\/p>\n<\/div><!-- Lightbox-turtle -->\n\n<script>\njQuery(document).ready(function($) {\n\n      \n      $('a[href=\"#turtle\"]').click(function(e){\n         \/\/ Close openend lightboxes\n         var delay = 0;\n         \n         if($.magnificPopup.open){\n            $.magnificPopup.close();\n            delay = 300;\n         }\n\n         \/\/ Start lightbox\n         setTimeout(function(){\n            $.magnificPopup.open({\n                  midClick: true,\n                  removalDelay: 300,\n                  items: {\n                    src: '#turtle', \n                    type: 'inline'\n                  }\n            });\n          }, delay);\n\n        e.preventDefault();\n      });\n});\n<\/script>\n\n \n\n<div id=\"poe\" class=\"mfp-hide mfp-content-inner lightbox-white\" style=\"max-width:600px;padding:20px\">\n    <h3>Po\u00e9<\/h3>\n<p>Haut lieu incontournable du Kite surf, Po\u00e9 s\u2019\u00e9tend sur des dizaines de kilom\u00e8tres et sa plage de sable blanc est pris\u00e9e des Cal\u00e9doniens le weekend. En camping, en gite ou h\u00f4tellerie, toutes les formules sont possibles, et vous aurez le choix de pratiquer plusieurs activit\u00e9s (kite surf, excursions, en mer, location kayak, stand up paddle).<\/p>\n<\/div><!-- Lightbox-poe -->\n\n<script>\njQuery(document).ready(function($) {\n\n      \n      $('a[href=\"#poe\"]').click(function(e){\n         \/\/ Close openend lightboxes\n         var delay = 0;\n         \n         if($.magnificPopup.open){\n            $.magnificPopup.close();\n            delay = 300;\n         }\n\n         \/\/ Start lightbox\n         setTimeout(function(){\n            $.magnificPopup.open({\n                  midClick: true,\n                  removalDelay: 300,\n                  items: {\n                    src: '#poe', \n                    type: 'inline'\n                  }\n            });\n          }, delay);\n\n        e.preventDefault();\n      });\n});\n<\/script>\n\n \n\n<div id=\"fair\" class=\"mfp-hide mfp-content-inner lightbox-white\" style=\"max-width:600px;padding:20px\">\n    <h3>La Foire de Bourail<\/h3>\n<p>La Foire de Bourail est le rendez-vous annuel des broussards du Pays ! Elle a lieu pendant le weekend du 15 ao\u00fbt. Ce sont plus de 20 000 personnes qui se rendent \u00e0 cette f\u00eate populaire : c\u2019est l\u2019occasion de voir des d\u00e9monstrations de rod\u00e9o, de tonte, l&rsquo;\u00e9lection de Miss Foire de Bourail et diverses autres animations sont au programme. Vous aurez aussi l\u2019occasion de gouter aux plats du pays : viande de cerf, crevettes, ignames, saucissons\u2026<\/p>\n<\/div><!-- Lightbox-fair -->\n\n<script>\njQuery(document).ready(function($) {\n\n      \n      $('a[href=\"#fair\"]').click(function(e){\n         \/\/ Close openend lightboxes\n         var delay = 0;\n         \n         if($.magnificPopup.open){\n            $.magnificPopup.close();\n            delay = 300;\n         }\n\n         \/\/ Start lightbox\n         setTimeout(function(){\n            $.magnificPopup.open({\n                  midClick: true,\n                  removalDelay: 300,\n                  items: {\n                    src: '#fair', \n                    type: 'inline'\n                  }\n            });\n          }, delay);\n\n        e.preventDefault();\n      });\n});\n<\/script>\n\n \n\n<div id=\"museum\" class=\"mfp-hide mfp-content-inner lightbox-white\" style=\"max-width:600px;padding:20px\">\n    <h3>Le Mus\u00e9e de Bourail<\/h3>\n<p>(Ouvert du lundi au samedi de 9h \u00e0 12h et de 13h \u00e0 17h) \u2013 Entr\u00e9e 250 CFP.<\/p>\n<p>Le mus\u00e9e de Bourail retrace l\u2019histoire de la ville, et expose des objets ayant appartenu aux diff\u00e9rentes communaut\u00e9s qui ont cohabit\u00e9 sur ces terres, y compris une des derni\u00e8res guillotines ! Vous trouverez au rez-de-chauss\u00e9e la reconstitution d\u2019un int\u00e9rieur cal\u00e9donien. En ext\u00e9rieur, une case kanak, un four \u00e0 pain et une boulangerie d\u2019\u00e9poque sont \u00e0 visiter. Le b\u00e2timent est l\u2019ancien magasin central de la ville, qui a \u00e9t\u00e9 construit en 1870 par les bagnards.<\/p>\n<\/div><!-- Lightbox-museum -->\n\n<script>\njQuery(document).ready(function($) {\n\n      \n      $('a[href=\"#museum\"]').click(function(e){\n         \/\/ Close openend lightboxes\n         var delay = 0;\n         \n         if($.magnificPopup.open){\n            $.magnificPopup.close();\n            delay = 300;\n         }\n\n         \/\/ Start lightbox\n         setTimeout(function(){\n            $.magnificPopup.open({\n                  midClick: true,\n                  removalDelay: 300,\n                  items: {\n                    src: '#museum', \n                    type: 'inline'\n                  }\n            });\n          }, delay);\n\n        e.preventDefault();\n      });\n});\n<\/script>\n\n \n\n<div id=\"gouaro\" class=\"mfp-hide mfp-content-inner lightbox-white\" style=\"max-width:600px;padding:20px\">\n    <h3>Le Domaine de Gouaro Deva<\/h3>\n<p>Cet espace naturel a \u00e9t\u00e9 am\u00e9nag\u00e9 pour s\u2019ouvrir aux visiteurs : marche, randonn\u00e9e \u00e9questre, VTT, golf&#8230;Les sentiers de Oua Kou\u00e9 (5,5km), Bo\u00e9 Ar\u00e9r\u00e9di (4,5km), Sentier des G\u00e9ants (6,5km) et le Sentier de la For\u00eat des Origines au Lagon (7km) vous feront d\u00e9couvrir le domaine et son lagon. Pour les amateurs de v\u00e9lo, ils pourront parcourir les Boucles de Deva accessibles \u00e0 tous les niveaux. Enfin, les cavaliers ne seront pas en reste avec deux pistes am\u00e9nag\u00e9es pour leur plus grand plaisir.<\/p>\n<\/div><!-- Lightbox-gouaro -->\n\n<script>\njQuery(document).ready(function($) {\n\n      \n      $('a[href=\"#gouaro\"]').click(function(e){\n         \/\/ Close openend lightboxes\n         var delay = 0;\n         \n         if($.magnificPopup.open){\n            $.magnificPopup.close();\n            delay = 300;\n         }\n\n         \/\/ Start lightbox\n         setTimeout(function(){\n            $.magnificPopup.open({\n                  midClick: true,\n                  removalDelay: 300,\n                  items: {\n                    src: '#gouaro', \n                    type: 'inline'\n                  }\n            });\n          }, delay);\n\n        e.preventDefault();\n      });\n});\n<\/script>\n\n \n\n<div id=\"nz\" class=\"mfp-hide mfp-content-inner lightbox-white\" style=\"max-width:600px;padding:20px\">\n    <h3>Le Cimeti\u00e8re Militaire N\u00e9o-Z\u00e9landais<\/h3>\n<p>Ici reposent les 161 soldats, 78 aviateurs et 7 marins n\u00e9o-z\u00e9landais qui ont p\u00e9ri lors d\u2019op\u00e9rations militaires en Nouvelle-Cal\u00e9donie durant la Seconde Guerre Mondiale.<\/p>\n<\/div><!-- Lightbox-nz -->\n\n<script>\njQuery(document).ready(function($) {\n\n      \n      $('a[href=\"#nz\"]').click(function(e){\n         \/\/ Close openend lightboxes\n         var delay = 0;\n         \n         if($.magnificPopup.open){\n            $.magnificPopup.close();\n            delay = 300;\n         }\n\n         \/\/ Start lightbox\n         setTimeout(function(){\n            $.magnificPopup.open({\n                  midClick: true,\n                  removalDelay: 300,\n                  items: {\n                    src: '#nz', \n                    type: 'inline'\n                  }\n            });\n          }, delay);\n\n        e.preventDefault();\n      });\n});\n<\/script>\n\n<p>&nbsp;<\/p>\n","protected":false},"excerpt":{"rendered":"<p>A environ 160 km de Noum\u00e9a, Bourail est une destination touristique incontournable. Entre paysage de for\u00eat s\u00e8che et lagon, cette r\u00e9gion immense refl\u00e8te \u00ab\u00a0le Far West Cal\u00e9donien\u00a0\u00bb avec ses plaines d\u00e9di\u00e9es \u00e0 l\u2019\u00e9levage du b\u00e9tail. Chaque ann\u00e9e une grande foire est organis\u00e9e autour de ce th\u00e8me rural. Bienvenue en brousse\u00a0! Les incontournables : &nbsp;<\/p>\n","protected":false},"author":6,"featured_media":0,"parent":874,"menu_order":0,"comment_status":"closed","ping_status":"closed","template":"page-blank-container.php","meta":[],"_links":{"self":[{"href":"https:\/\/www.noumeadiscovery.com\/french\/wp-json\/wp\/v2\/pages\/1250"}],"collection":[{"href":"https:\/\/www.noumeadiscovery.com\/french\/wp-json\/wp\/v2\/pages"}],"about":[{"href":"https:\/\/www.noumeadiscovery.com\/french\/wp-json\/wp\/v2\/types\/page"}],"author":[{"embeddable":true,"href":"https:\/\/www.noumeadiscovery.com\/french\/wp-json\/wp\/v2\/users\/6"}],"replies":[{"embeddable":true,"href":"https:\/\/www.noumeadiscovery.com\/french\/wp-json\/wp\/v2\/comments?post=1250"}],"version-history":[{"count":24,"href":"https:\/\/www.noumeadiscovery.com\/french\/wp-json\/wp\/v2\/pages\/1250\/revisions"}],"predecessor-version":[{"id":2282,"href":"https:\/\/www.noumeadiscovery.com\/french\/wp-json\/wp\/v2\/pages\/1250\/revisions\/2282"}],"up":[{"embeddable":true,"href":"https:\/\/www.noumeadiscovery.com\/french\/wp-json\/wp\/v2\/pages\/874"}],"wp:attachment":[{"href":"https:\/\/www.noumeadiscovery.com\/french\/wp-json\/wp\/v2\/media?parent=1250"}],"curies":[{"name":"wp","href":"https:\/\/api.w.org\/{rel}","templated":true}]}}