{"id":1198,"date":"2016-04-08T09:17:07","date_gmt":"2016-04-07T23:17:07","guid":{"rendered":"http:\/\/noumea.respax.com.au\/?page_id=1198"},"modified":"2017-07-27T14:06:13","modified_gmt":"2017-07-27T04:06:13","slug":"kone","status":"publish","type":"page","link":"https:\/\/www.noumeadiscovery.com\/french\/destinations\/kone\/","title":{"rendered":"Kon\u00e9"},"content":{"rendered":"   <div id=\"banner_1427321868\" class=\"ux_banner dark    \"  style=\"height:150px; \" data-height=\"150px\" role=\"banner\">\n                                  <div class=\"banner-bg \"  style=\"background-image:url('https:\/\/www.noumeadiscovery.com\/french\/wp-content\/uploads\/2016\/04\/kon\u00e9-site.jpg'); \"><img src=\"https:\/\/www.noumeadiscovery.com\/french\/wp-content\/uploads\/2016\/04\/kon\u00e9-site.jpg\"  alt=\"\" style=\"visibility:hidden;\" \/><\/div>\n                             <div class=\"row\" >\n          <div class=\"inner center text-center \"  style=\"width:70%;\">\n            <div class=\"inner-wrap animated fadeIn\" style=\" \">\n              <h1>Kon\u00e9<\/h1>\n            <\/div>\n          <\/div>  \n        <\/div>\n                     <\/div><!-- end .ux_banner -->\n\n<p>Avec plus de 7500 habitants, Kon\u00e9 est le chef lieu de la Province Nord. Avec l\u2019implantation de l\u2019Usine du Nord sur le site de Vavouto, une nouvelle dynamique s\u2019est install\u00e9e\u00a0: commerces, immobilier et explosion d\u00e9mographique.<\/p>\n<h3>Les incontournables\u00a0:<\/h3>\n\t<div  class=\"row container \">\n<div class=\"small-12    large-3  columns   \"  ><div class=\"column-inner\"  >\n<div class=\"imagebox\">   <div id=\"banner_1703236326\" class=\"ux_banner dark    \"  style=\"height:180px; \" data-height=\"180px\" role=\"banner\">\n      <a href=\"#caujolle\" >                            <div class=\"banner-bg \"  style=\"background-image:url('https:\/\/noumeadiscovery.com\/wp-content\/uploads\/2016\/04\/maison caujolle.jpg'); \"><img src=\"https:\/\/noumeadiscovery.com\/wp-content\/uploads\/2016\/04\/maison caujolle.jpg\"  alt=\"\" style=\"visibility:hidden;\" \/><\/div>\n                             <div class=\"row\" >\n          <div class=\"inner center text-center \"  style=\"width:70%;\">\n            <div class=\"inner-wrap animated fadeIn\" style=\" \">\n                          <\/div>\n          <\/div>  \n        <\/div>\n       <\/a>              <\/div><!-- end .ux_banner -->\n\n<div class=\"imagelabel\">\n<h3><a href=\"#caujolle\">La Maison Caujolle<\/a><\/h3>\n<\/div>\n<\/div>\n<\/div><\/div>\n<div class=\"small-12    large-3  columns   \"  ><div class=\"column-inner\"  >\n<div class=\"imagebox\">   <div id=\"banner_797205004\" class=\"ux_banner dark    \"  style=\"height:180px; \" data-height=\"180px\" role=\"banner\">\n      <a href=\"#tiwaka\" >                            <div class=\"banner-bg \"  style=\"background-image:url('https:\/\/noumeadiscovery.com\/wp-content\/uploads\/2016\/04\/kone-tiwaka.jpg'); \"><img src=\"https:\/\/noumeadiscovery.com\/wp-content\/uploads\/2016\/04\/kone-tiwaka.jpg\"  alt=\"\" style=\"visibility:hidden;\" \/><\/div>\n                             <div class=\"row\" >\n          <div class=\"inner center text-center \"  style=\"width:70%;\">\n            <div class=\"inner-wrap animated fadeIn\" style=\" \">\n                          <\/div>\n          <\/div>  \n        <\/div>\n       <\/a>              <\/div><!-- end .ux_banner -->\n\n<div class=\"imagelabel\">\n<h3><a href=\"#tiwaka\">La Route Kon\u00e9-Tiwaka<\/a><\/h3>\n<\/div>\n<\/div>\n<\/div><\/div>\n<div class=\"small-12    large-3  columns   \"  ><div class=\"column-inner\"  >\n<div class=\"imagebox\">   <div id=\"banner_171040616\" class=\"ux_banner dark    \"  style=\"height:180px; \" data-height=\"180px\" role=\"banner\">\n      <a href=\"#heart\" >                            <div class=\"banner-bg \"  style=\"background-image:url('https:\/\/noumeadiscovery.com\/wp-content\/uploads\/2016\/04\/coeur de voh.jpg'); \"><img src=\"https:\/\/noumeadiscovery.com\/wp-content\/uploads\/2016\/04\/coeur de voh.jpg\"  alt=\"\" style=\"visibility:hidden;\" \/><\/div>\n                             <div class=\"row\" >\n          <div class=\"inner center text-center \"  style=\"width:70%;\">\n            <div class=\"inner-wrap animated fadeIn\" style=\" \">\n                          <\/div>\n          <\/div>  \n        <\/div>\n       <\/a>              <\/div><!-- end .ux_banner -->\n\n<div class=\"imagelabel\">\n<h3><a href=\"#heart\">Le C\u0153ur de Voh<\/a><\/h3>\n<\/div>\n<\/div>\n<\/div><\/div>\n<div class=\"small-12    large-3  columns   \"  ><div class=\"column-inner\"  >\n<\/div><\/div><\/div>\n  \n \n\n<div id=\"heart\" class=\"mfp-hide mfp-content-inner lightbox-white\" style=\"max-width:600px;padding:20px\">\n    <h3>Le C\u0153ur de Voh<\/h3>\n<p>Rendu c\u00e9l\u00e8bre par Yann-Arthus Bertrand, le C\u0153ur de Voh est visible du point de vue du mont Kath\u00e9pa\u00efk\u00a0: \u00e0 la sortie du village, empruntez le chemin \u00e0 droite de la caserne des pompiers. La ballade commencera \u00e0 l\u2019issue de ce chemin. Il est \u00e9galement possible de monter \u00e0 bord d\u2019un ULM afin d\u2019admirer le c\u0153ur vu du ciel.<\/p>\n<\/div><!-- Lightbox-heart -->\n\n<script>\njQuery(document).ready(function($) {\n\n      \n      $('a[href=\"#heart\"]').click(function(e){\n         \/\/ Close openend lightboxes\n         var delay = 0;\n         \n         if($.magnificPopup.open){\n            $.magnificPopup.close();\n            delay = 300;\n         }\n\n         \/\/ Start lightbox\n         setTimeout(function(){\n            $.magnificPopup.open({\n                  midClick: true,\n                  removalDelay: 300,\n                  items: {\n                    src: '#heart', \n                    type: 'inline'\n                  }\n            });\n          }, delay);\n\n        e.preventDefault();\n      });\n});\n<\/script>\n\n \n\n<div id=\"tiwaka\" class=\"mfp-hide mfp-content-inner lightbox-white\" style=\"max-width:600px;padding:20px\">\n    <h3>La route Kon\u00e9-Tiwaka<\/h3>\n<p>La transversale qui relie Kon\u00e9 \u00e0 la c\u00f4te est, la Kon\u00e9-Tiwaka, est l\u2019une des routes les plus appr\u00e9ci\u00e9es des visiteurs\u00a0: vous roulerez entre les montagnes, rivi\u00e8res et profiterez des points de vue pour admirez les panoramas qui s\u2019offrent \u00e0 vous.<\/p>\n<\/div><!-- Lightbox-tiwaka -->\n\n<script>\njQuery(document).ready(function($) {\n\n      \n      $('a[href=\"#tiwaka\"]').click(function(e){\n         \/\/ Close openend lightboxes\n         var delay = 0;\n         \n         if($.magnificPopup.open){\n            $.magnificPopup.close();\n            delay = 300;\n         }\n\n         \/\/ Start lightbox\n         setTimeout(function(){\n            $.magnificPopup.open({\n                  midClick: true,\n                  removalDelay: 300,\n                  items: {\n                    src: '#tiwaka', \n                    type: 'inline'\n                  }\n            });\n          }, delay);\n\n        e.preventDefault();\n      });\n});\n<\/script>\n\n \n\n<div id=\"caujolle\" class=\"mfp-hide mfp-content-inner lightbox-white\" style=\"max-width:600px;padding:20px\">\n    <h3>La Maison Caujolle<\/h3>\n<p>La maison Caujolle tient son nom du g\u00e9om\u00e8tre M. CAUJOLLE, arriv\u00e9 le 3 f\u00e9vrier 1873 \u00e0 bord de la &lsquo;Sybille&rsquo; en\u00a0Nouvelle-Cal\u00e9donie. Durant son s\u00e9jour en Nouvelle Cal\u00e9donie, il fit l\u2019acquisition de plusieurs propri\u00e9t\u00e9s, dont celle de \u2018la Pom\u00e9nie\u2019. Les bagnards ont \u00e9t\u00e9 charg\u00e9s de lui construire sa demeure. En 1927, la b\u00e2tisse est devenue propri\u00e9t\u00e9 de Henri MARTIN, et fut convertie pour l\u2019exploitation de caf\u00e9. Elle passa encore dans les mains de divers propri\u00e9taires avant d\u2019\u00eatre rachet\u00e9e par la Province Nord en 2001. La Maison Caujolle fut alors class\u00e9e monument historique. Aujourd\u2019hui, ce centre de culture est d\u00e9sormais un espace d\u2019\u00e9changes entre les communaut\u00e9s, et un lieu o\u00f9 se d\u00e9roulent les manifestations artistiques et culturelles.<\/p>\n<\/div><!-- Lightbox-caujolle -->\n\n<script>\njQuery(document).ready(function($) {\n\n      \n      $('a[href=\"#caujolle\"]').click(function(e){\n         \/\/ Close openend lightboxes\n         var delay = 0;\n         \n         if($.magnificPopup.open){\n            $.magnificPopup.close();\n            delay = 300;\n         }\n\n         \/\/ Start lightbox\n         setTimeout(function(){\n            $.magnificPopup.open({\n                  midClick: true,\n                  removalDelay: 300,\n                  items: {\n                    src: '#caujolle', \n                    type: 'inline'\n                  }\n            });\n          }, delay);\n\n        e.preventDefault();\n      });\n});\n<\/script>\n\n","protected":false},"excerpt":{"rendered":"<p>Avec plus de 7500 habitants, Kon\u00e9 est le chef lieu de la Province Nord. Avec l\u2019implantation de l\u2019Usine du Nord sur le site de Vavouto, une nouvelle dynamique s\u2019est install\u00e9e\u00a0: commerces, immobilier et explosion d\u00e9mographique. Les incontournables\u00a0:<\/p>\n","protected":false},"author":6,"featured_media":0,"parent":874,"menu_order":0,"comment_status":"closed","ping_status":"closed","template":"page-blank-container.php","meta":[],"_links":{"self":[{"href":"https:\/\/www.noumeadiscovery.com\/french\/wp-json\/wp\/v2\/pages\/1198"}],"collection":[{"href":"https:\/\/www.noumeadiscovery.com\/french\/wp-json\/wp\/v2\/pages"}],"about":[{"href":"https:\/\/www.noumeadiscovery.com\/french\/wp-json\/wp\/v2\/types\/page"}],"author":[{"embeddable":true,"href":"https:\/\/www.noumeadiscovery.com\/french\/wp-json\/wp\/v2\/users\/6"}],"replies":[{"embeddable":true,"href":"https:\/\/www.noumeadiscovery.com\/french\/wp-json\/wp\/v2\/comments?post=1198"}],"version-history":[{"count":18,"href":"https:\/\/www.noumeadiscovery.com\/french\/wp-json\/wp\/v2\/pages\/1198\/revisions"}],"predecessor-version":[{"id":2641,"href":"https:\/\/www.noumeadiscovery.com\/french\/wp-json\/wp\/v2\/pages\/1198\/revisions\/2641"}],"up":[{"embeddable":true,"href":"https:\/\/www.noumeadiscovery.com\/french\/wp-json\/wp\/v2\/pages\/874"}],"wp:attachment":[{"href":"https:\/\/www.noumeadiscovery.com\/french\/wp-json\/wp\/v2\/media?parent=1198"}],"curies":[{"name":"wp","href":"https:\/\/api.w.org\/{rel}","templated":true}]}}